09-12 11:58:51.522 352 673 W qti_sensors_hal: sensors_get_sensors_list: handle 67 is not registered!
09-12 11:58:51.522 352 673 W qti_sensors_hal: sensors_get_sensors_list: handle 1 is not registered!
09-12 11:58:51.522 352 673 W qti_sensors_hal: sensors_get_sensors_list: handle 3 is not registered!
09-12 11:58:51.522 352 673 W qti_sensors_hal: sensors_get_sensors_list: handle 9 is not registered!
09-12 11:58:51.522 352 673 W qti_sensors_hal: sensors_get_sensors_list: handle 15 is not registered!
09-12 11:58:51.522 352 673 W qti_sensors_hal: sensors_get_sensors_list: handle 17 is not registered!
09-12 11:58:51.522 352 673 W qti_sensors_hal: sensors_get_sensors_list: handle 26 is not registered!
09-12 11:58:51.522 352 673 W qti_sensors_hal: sensors_get_sensors_list: handle 27 is not registered!
09-12 11:58:51.522 352 673 W qti_sensors_hal: sensors_get_sensors_list: handle 65 is not registered!
09-12 11:58:51.522 352 673 W qti_sensors_hal: sensors_get_sensors_list: handle 66 is not registered!
09-12 11:58:51.522 352 673 W qti_sensors_hal: sensors_get_sensors_list: handle 19 is not registered!
09-12 11:58:51.522 352 673 W qti_sensors_hal: sensors_get_sensors_list: handle 24 is not registered!
09-12 11:58:51.522 352 673 W qti_sensors_hal: sensors_get_sensors_list: handle 64 is not registered!
09-12 11:58:51.522 352 673 W qti_sensors_hal: sensors_get_sensors_list: handle 18 is not registered!
09-12 11:58:51.522 352 673 W qti_sensors_hal: sensors_get_sensors_list: handle 20 is not registered!
09-12 11:58:51.522 352 673 W qti_sensors_hal: sensors_get_sensors_list: handle 25 is not registered!
09-12 11:58:51.522 352 673 W qti_sensors_hal: sensors_get_sensors_list: handle 28 is not registered!
09-12 11:58:51.522 352 673 W qti_sensors_hal: sensors_get_sensors_list: handle 29 is not registered!
09-12 11:58:51.522 352 673 W qti_sensors_hal: sensors_get_sensors_list: handle 30 is not registered!
09-12 11:58:51.522 352 673 W qti_sensors_hal: sensors_get_sensors_list: handle 36 is not registered!
09-12 11:58:51.522 352 673 W qti_sensors_hal: sensors_get_sensors_list: handle 43 is not registered!
09-12 11:58:51.522 352 673 W qti_sensors_hal: sensors_get_sensors_list: handle 44 is not registered!
09-12 11:58:51.523 352 673 W qti_sensors_hal: sensors_get_sensors_list: handle 47 is not registered!
09-12 11:58:51.523 352 673 W qti_sensors_hal: sensors_get_sensors_list: handle 50 is not registered!
09-12 11:58:51.523 352 673 W qti_sensors_hal: sensors_get_sensors_list: handle 53 is not registered!
09-12 11:58:51.523 352 673 W qti_sensors_hal: sensors_get_sensors_list: handle 49 is not registered!
09-12 11:58:51.523 352 673 W qti_sensors_hal: sensors_get_sensors_list: handle 55 is not registered!
09-12 11:58:51.523 352 673 W qti_sensors_hal: sensors_get_sensors_list: handle 57 is not registered!
09-12 11:58:51.523 352 673 W qti_sensors_hal: sensors_get_sensors_list: handle 58 is not registered!
09-12 11:58:51.523 352 673 W qti_sensors_hal: sensors_get_sensors_list: handle 59 is not registered!
09-12 11:58:51.523 352 673 W qti_sensors_hal: sensors_get_sensors_list: handle 62 is not registered!
09-12 11:58:51.523 352 673 W qti_sensors_hal: sensors_get_sensors_list: handle 63 is not registered!
09-12 11:58:51.523 352 673 W qti_sensors_hal: sensors_get_sensors_list: handle 60 is not registered!
09-12 11:58:51.523 352 673 W qti_sensors_hal: sensors_get_sensors_list: handle 61 is not registered!
09-12 11:58:51.523 352 673 W qti_sensors_hal: sensors_get_sensors_list: handle 56 is not registered!
09-12 11:58:51.523 352 673 W qti_sensors_hal: sensors_get_sensors_list: handle 4 is not registered!
09-12 11:58:51.523 352 673 W qti_sensors_hal: sensors_get_sensors_list: handle 5 is not registered!
09-12 11:58:51.523 352 673 W qti_sensors_hal: sensors_get_sensors_list: handle 6 is not registered!
09-12 11:58:51.523 352 673 W qti_sensors_hal: sensors_get_sensors_list: handle 7 is not registered!
09-12 11:58:51.523 352 673 W qti_sensors_hal: sensors_get_sensors_list: handle 21 is not registered!
09-12 11:58:51.523 352 673 W qti_sensors_hal: sensors_get_sensors_list: handle 22 is not registered!
09-12 11:58:51.523 352 673 W qti_sensors_hal: sensors_get_sensors_list: handle 23 is not registered!
09-12 11:58:51.523 352 673 W qti_sensors_hal: sensors_get_sensors_list: handle 31 is not registered!
09-12 11:58:51.523 352 673 W qti_sensors_hal: sensors_get_sensors_list: handle 32 is not registered!
09-12 11:58:51.523 352 673 W qti_sensors_hal: sensors_get_sensors_list: handle 33 is not registered!
09-12 11:58:51.523 352 673 W qti_sensors_hal: sensors_get_sensors_list: handle 34 is not registered!
09-12 11:58:51.523 352 673 W qti_sensors_hal: sensors_get_sensors_list: handle 35 is not registered!
09-12 11:58:51.523 352 673 W qti_sensors_hal: sensors_get_sensors_list: handle 37 is not registered!
09-12 11:58:51.523 352 673 W qti_sensors_hal: sensors_get_sensors_list: handle 38 is not registered!
09-12 11:58:51.523 352 673 W qti_sensors_hal: sensors_get_sensors_list: handle 39 is not registered!
09-12 11:58:51.523 352 673 W qti_sensors_hal: sensors_get_sensors_list: handle 40 is not registered!
09-12 11:58:51.523 352 673 W qti_sensors_hal: sensors_get_sensors_list: handle 41 is not registered!
09-12 11:58:51.523 352 673 W qti_sensors_hal: sensors_get_sensors_list: handle 42 is not registered!
09-12 11:58:51.523 352 673 W qti_sensors_hal: sensors_get_sensors_list: handle 45 is not registered!
09-12 11:58:51.523 352 673 W qti_sensors_hal: sensors_get_sensors_list: handle 46 is not registered!
09-12 11:58:51.523 352 673 W qti_sensors_hal: sensors_get_sensors_list: handle 54 is not registered!
09-12 11:58:51.523 352 673 W qti_sensors_hal: sensors_get_sensors_list: handle 12 is not registered!
09-12 11:58:51.523 352 673 W qti_sensors_hal: sensors_get_sensors_list: handle 13 is not registered!
09-12 11:58:51.523 352 673 W qti_sensors_hal: sensors_get_sensors_list: handle 14 is not registered!
09-12 11:58:51.837 306 306 I ServiceManager: service 'android.security.keystore' died
09-12 11:58:51.837 306 306 I ServiceManager: service 'display.qservice' died
09-12 11:58:51.837 306 306 I ServiceManager: service 'SurfaceFlinger' died
09-12 11:58:51.838 306 306 I ServiceManager: service 'permission' died
09-12 11:58:53.219 355 355 E tadif : Failed to connect to tad.
09-12 11:58:53.220 306 306 I ServiceManager: service 'media.audio_flinger' died
09-12 11:58:53.220 306 306 I ServiceManager: service 'media.player' died
09-12 11:58:53.220 306 306 I ServiceManager: service 'media.camera' died
09-12 11:58:53.220 306 306 I ServiceManager: service 'media.audio_policy' died
09-12 11:58:53.220 306 306 I ServiceManager: service 'media.sound_trigger_hw' died
09-12 11:58:53.387 680 680 I mediaserver: ServiceManager: 0xb58700c0
09-12 11:58:53.387 680 680 I AudioFlinger: Using default 3000 mSec as standby time.
09-12 11:58:53.388 680 680 I ServiceManager: Waiting for service batterystats...
09-12 11:58:53.519 686 688 I Gecko : [686] WARNING: Tried to RegisterCallback without an AtExitManager: file /home/arun/code/B2G/gecko/ipc/chromium/src/base/at_exit.cc, line 40
09-12 11:58:53.520 679 679 W : could not open framebuffer
09-12 11:58:53.803 679 679 I qdutils : Right Split=0
09-12 11:58:53.810 679 679 I qdhwcomposer: Initializing Qualcomm Hardware Composer
09-12 11:58:53.810 679 679 I qdhwcomposer: MDP version: 500
09-12 11:58:53.810 679 679 D qdhwcomposer: hwc_getDisplayAttributes disp = 0, width = 720
09-12 11:58:53.810 679 679 D qdhwcomposer: hwc_getDisplayAttributes disp = 0, height = 1280
09-12 11:58:53.810 679 679 E qdhwcomposer: Unknown display attribute 0
09-12 11:58:53.814 679 679 D qdhwcomposer: hwc_blank: Unblanking display: 0
09-12 11:58:53.815 679 679 D qdhwcomposer: hwc_blank: Done unblanking display: 0
09-12 11:58:53.822 679 691 W Gonk : Could not open boot animation
09-12 11:58:53.822 679 691 W Gonk : Show solid color frame for bootAnim
09-12 11:58:53.838 679 679 I GeckoConsole: Could not read chrome manifest 'file:///system/b2g/chrome.manifest'.
09-12 11:58:53.874 679 691 D qdutils : DEBUG_CALC_FPS: 0
09-12 11:58:53.874 679 691 D qdutils : period: 10
09-12 11:58:53.874 679 691 D qdutils : ignorethresh_us: 500000
09-12 11:58:54.232 679 694 I VolumeManager: changing state from 'Uninitialized' to 'Starting'
09-12 11:58:54.232 679 694 I VolumeManager: Connected to vold
09-12 11:58:54.233 679 694 I VolumeManager: Volume sdcard1 (1): changing state from Init to NoMedia (1 observers)
09-12 11:58:54.233 679 694 I VolumeManager: Volume usbdisk (2): changing state from Init to NoMedia (1 observers)
09-12 11:58:54.233 679 694 I VolumeManager: Volume sdcard1: IsRemovable set to 1 state NoMedia
09-12 11:58:54.233 679 694 I VolumeManager: Volume sdcard1: IsHotSwappable set to 1 state NoMedia
09-12 11:58:54.233 679 694 I VolumeManager: Volume usbdisk: IsRemovable set to 1 state NoMedia
09-12 11:58:54.233 679 694 I VolumeManager: Volume usbdisk: IsHotSwappable set to 1 state NoMedia
09-12 11:58:54.233 679 694 I VolumeManager: Volume sdcard (3): changing state from Init to Mounted @ '/mnt/shell/emulated' (1 observers) mountGeneration = 1, locked = 0
09-12 11:58:54.233 679 694 I VolumeManager: READY: Volume: sdcard1 (1) is NoMedia and missing @ /storage/sdcard1 gen -1 locked 1
09-12 11:58:54.233 679 694 I VolumeManager: READY: Sharing dis Mounting n Formating n Unmounting n
09-12 11:58:54.233 679 694 I VolumeManager: READY: Volume: sdcard (3) is Mounted and inserted @ /mnt/shell/emulated gen 1 locked 0
09-12 11:58:54.233 679 694 I VolumeManager: READY: Sharing x Mounting n Formating n Unmounting n
09-12 11:58:54.233 679 694 I VolumeManager: changing state from 'Starting' to 'Volumes Ready'
09-12 11:58:54.237 679 694 I AutoMounter: AutoMounter state changed from IDLE to UMS_CONFIGURED
09-12 11:58:54.237 679 694 I AutoMounter: UpdateState: ums:A1C1E0 mtp:A1C0E0 mode:0 usb:1 tryToShare:0 state:UMS_CONFIGURED
09-12 11:58:54.237 679 694 I AutoMounter: UpdateState: Volume sdcard1 is NoMedia and missing
09-12 11:58:54.237 679 694 I AutoMounter: UpdateState: Volume sdcard is Mounted and inserted @ /mnt/shell/emulated gen 1 locked 0 sharing x
09-12 11:58:54.240 679 679 I ServiceManager: Waiting for service media.audio_policy...
09-12 11:58:54.305 357 357 E sdcard : missing packages.list; retrying
09-12 11:58:54.388 680 680 I ServiceManager: Waiting for service batterystats...
09-12 11:58:55.241 679 679 I ServiceManager: Waiting for service media.audio_policy...
09-12 11:58:55.390 680 680 I ServiceManager: Waiting for service batterystats...
09-12 11:58:56.242 679 679 I ServiceManager: Waiting for service media.audio_policy...
09-12 11:58:56.391 680 680 I ServiceManager: Waiting for service batterystats...
09-12 11:58:57.243 679 679 I ServiceManager: Waiting for service media.audio_policy...
09-12 11:58:57.306 357 357 E sdcard : missing packages.list; retrying
09-12 11:58:57.391 680 680 I ServiceManager: Waiting for service batterystats...
09-12 11:58:58.220 355 355 E tadif : Failed to connect to tad.
09-12 11:58:58.244 679 679 I ServiceManager: Waiting for service media.audio_policy...
09-12 11:58:58.393 680 680 I CameraService: CameraService started (pid=680)
09-12 11:58:58.394 680 680 E CameraService: Could not load camera HAL module
09-12 11:58:58.398 680 680 I AudioPolicyService: AudioPolicyService CSTOR in new mode
09-12 11:58:58.402 680 680 W AudioPolicyManager: DeviceVector::add device 80000040 already in
09-12 11:58:58.402 680 680 I AudioPolicyManager: loadAudioPolicyConfig() loaded /system/etc/audio_policy.conf
09-12 11:58:58.414 680 680 D audio_hw_primary: adev_open: enter
09-12 11:58:58.455 680 680 D msm8974_platform: platform_init: snd_card_name: msm8974-taiko-mtp-snd-card
09-12 11:58:58.636 680 680 E audio_route: Control 'AUDIO_EXT_EC MUX' doesn't exist - skipping
09-12 11:58:58.637 680 680 E audio_route: Control 'MultiMedia4 Mixer MI2S_TX' doesn't exist - skipping
09-12 11:58:58.638 680 680 E audio_route: Control 'QCHAT_Tx Mixer SEC_AUX_PCM_TX_Voice' doesn't exist - skipping
09-12 11:58:58.638 680 680 E audio_route: Control 'RX4 DSM MUX' doesn't exist - skipping
09-12 11:58:58.638 680 680 E audio_route: Control 'RX6 DSM MUX' doesn't exist - skipping
09-12 11:58:58.639 680 680 E audio_route: Control 'SLIM_0_RX AANC MUX' doesn't exist - skipping
09-12 11:58:58.639 680 680 E audio_route: Control 'MultiMedia1 Mixer SLIMBUS_0_TX' doesn't exist - skipping
09-12 11:58:58.639 680 680 E audio_route: Control 'QUAT_MI2S_RX Audio Mixer MultiMedia9' doesn't exist - skipping
09-12 11:58:58.641 680 680 E audio_route: Control 'QUAT_MI2S_RX Audio Mixer MultiMedia9' doesn't exist - skipping
09-12 11:58:58.642 680 680 E audio_route: Control 'QUAT_MI2S_RX Port Mixer SLIM_0_TX' doesn't exist - skipping
09-12 11:58:58.644 680 680 E audio_route: Control 'QCHAT_Tx Mixer SEC_AUX_PCM_TX_Voice' doesn't exist - skipping
09-12 11:58:58.650 680 680 E audio_route: Control 'AUDIO_EXT_EC MUX' doesn't exist - skipping
09-12 11:58:58.651 680 680 E audio_route: Control 'HPHR DAC Switch' doesn't exist - skipping
09-12 11:58:58.651 680 680 E audio_route: Control 'HPHR DAC Switch' doesn't exist - skipping
09-12 11:58:58.652 680 680 E audio_route: Control 'HPHR DAC Switch' doesn't exist - skipping
09-12 11:58:58.653 680 680 E audio_route: Control 'SLIM_0_RX AANC MUX' doesn't exist - skipping
09-12 11:58:58.656 680 680 E audio_route: Control 'HPHR DAC Switch' doesn't exist - skipping
09-12 11:58:58.658 680 680 E audio_route: Control 'HPHR DAC Switch' doesn't exist - skipping
09-12 11:58:58.658 680 680 E audio_route: Control 'HPHR DAC Switch' doesn't exist - skipping
09-12 11:58:58.659 680 680 E audio_route: Control 'HPHR DAC Switch' doesn't exist - skipping
09-12 11:58:58.659 680 680 E audio_route: Control 'HPHR DAC Switch' doesn't exist - skipping
09-12 11:58:58.663 680 680 E audio_route: Control 'HPHR DAC Switch' doesn't exist - skipping
09-12 11:58:58.663 680 680 E audio_route: Control 'HPHR DAC Switch' doesn't exist - skipping
09-12 11:58:58.664 680 680 E audio_route: Control 'HPHR DAC Switch' doesn't exist - skipping
09-12 11:58:58.665 680 680 E audio_route: Control 'HPHR DAC Switch' doesn't exist - skipping
09-12 11:58:58.666 680 680 D msm8974_platform: platform_init: Opened sound card:0
09-12 11:58:58.668 680 680 V msm8974_platform: platform_init: DLOPEN successful for libacdbloader.so
09-12 11:58:58.668 680 680 D ACDB-LOADER: ACDB -> Load file: /etc/acdbdata/MTP/MTP_Bluetooth_cal.acdb
09-12 11:58:58.668 680 680 D ACDB-LOADER: ACDB -> Load file: /etc/acdbdata/MTP/MTP_General_cal.acdb
09-12 11:58:58.668 680 680 D ACDB-LOADER: ACDB -> Load file: /etc/acdbdata/MTP/MTP_Global_cal.acdb
09-12 11:58:58.668 680 680 D ACDB-LOADER: ACDB -> Load file: /etc/acdbdata/MTP/MTP_Handset_cal.acdb
09-12 11:58:58.668 680 680 D ACDB-LOADER: ACDB -> Load file: /etc/acdbdata/MTP/MTP_Hdmi_cal.acdb
09-12 11:58:58.668 680 680 D ACDB-LOADER: ACDB -> Load file: /etc/acdbdata/MTP/MTP_Headset_cal.acdb
09-12 11:58:58.668 680 680 D ACDB-LOADER: ACDB -> Load file: /etc/acdbdata/MTP/MTP_Speaker_cal.acdb
09-12 11:58:58.668 680 680 D ACDB-LOADER: ACDB -> ACDB_CMD_INITIALIZE_V2
09-12 11:58:58.669 680 680 D : [ACDB Command]->SW Minor/Major/Revision version mismatch warning /etc/acdbdata/MTP/MTP_Bluetooth_cal.acdb
09-12 11:58:58.669 680 680 D : [ACDB Command]->ACDB Sw Major = 3, ACDB Sw Minor = 0, ACDB Sw Revision = 0
09-12 11:58:58.669 680 680 D : [ACDB Command]->ACDB File Major = 3, ACDB File Minor = 0, ACDB File Revision = 2
09-12 11:58:58.669 680 680 D : [ACDB Command]->SW Minor/Major/Revision version mismatch warning /etc/acdbdata/MTP/MTP_General_cal.acdb
09-12 11:58:58.669 680 680 D : [ACDB Command]->ACDB Sw Major = 3, ACDB Sw Minor = 0, ACDB Sw Revision = 0
09-12 11:58:58.669 680 680 D : [ACDB Command]->ACDB File Major = 3, ACDB File Minor = 0, ACDB File Revision = 2
09-12 11:58:58.669 680 680 D : [ACDB Command]->SW Minor/Major/Revision version mismatch warning /etc/acdbdata/MTP/MTP_Global_cal.acdb
09-12 11:58:58.669 680 680 D : [ACDB Command]->ACDB Sw Major = 3, ACDB Sw Minor = 0, ACDB Sw Revision = 0
09-12 11:58:58.669 680 680 D : [ACDB Command]->ACDB File Major = 3, ACDB File Minor = 0, ACDB File Revision = 2
09-12 11:58:58.669 680 680 D : [ACDB Command]->SW Minor/Major/Revision version mismatch warning /etc/acdbdata/MTP/MTP_Handset_cal.acdb
09-12 11:58:58.669 680 680 D : [ACDB Command]->ACDB Sw Major = 3, ACDB Sw Minor = 0, ACDB Sw Revision = 0
09-12 11:58:58.669 680 680 D : [ACDB Command]->ACDB File Major = 3, ACDB File Minor = 0, ACDB File Revision = 2
09-12 11:58:58.669 680 680 D : [ACDB Command]->SW Minor/Major/Revision version mismatch warning /etc/acdbdata/MTP/MTP_Hdmi_cal.acdb
09-12 11:58:58.669 680 680 D : [ACDB Command]->ACDB Sw Major = 3, ACDB Sw Minor = 0, ACDB Sw Revision = 0
09-12 11:58:58.669 680 680 D : [ACDB Command]->ACDB File Major = 3, ACDB File Minor = 0, ACDB File Revision = 2
09-12 11:58:58.670 680 680 D : [ACDB Command]->SW Minor/Major/Revision version mismatch warning /etc/acdbdata/MTP/MTP_Headset_cal.acdb
09-12 11:58:58.670 680 680 D : [ACDB Command]->ACDB Sw Major = 3, ACDB Sw Minor = 0, ACDB Sw Revision = 0
09-12 11:58:58.670 680 680 D : [ACDB Command]->ACDB File Major = 3, ACDB File Minor = 0, ACDB File Revision = 2
09-12 11:58:58.670 680 680 D : [ACDB Command]->SW Minor/Major/Revision version mismatch warning /etc/acdbdata/MTP/MTP_Speaker_cal.acdb
09-12 11:58:58.670 680 680 D : [ACDB Command]->ACDB Sw Major = 3, ACDB Sw Minor = 0, ACDB Sw Revision = 0
09-12 11:58:58.670 680 680 D : [ACDB Command]->ACDB File Major = 3, ACDB File Minor = 0, ACDB File Revision = 2
09-12 11:58:58.670 680 680 D ACDB-LOADER: ACDB -> ACPH INIT
09-12 11:58:58.670 680 680 D : [ACPH]->Online service registered with ACPH
09-12 11:58:58.670 680 680 E Diag_Lib: Diag_LSM_Init: Failed to open handle to diag driver, error = 13
09-12 11:58:58.670 680 680 E Diag_Lib: diagpkt_tbl_reg: Registration failed.
09-12 11:58:58.670 680 680 D : [ACPH]->ACPH init success
09-12 11:58:58.670 680 680 D ACDB-LOADER: ACDB -> RTAC INIT
09-12 11:58:58.670 680 680 D : [ACPH]->DSP RTC service registered with ACPH
09-12 11:58:58.670 680 680 D ACDB-LOADER: ACDB -> ADIE RTAC INIT
09-12 11:58:58.670 680 680 D : [ACPH]->ADIE RTC service registered with ACPH
09-12 11:58:58.670 680 680 E ACDB-LOADER: Cannot open /dev/msm_acdb errno: 2
09-12 11:58:58.670 680 680 E msm8974_platform: find_index: Could not find index for name = SND_DEVICE_OUT_VOIP_HANDSET
09-12 11:58:58.670 680 680 E platform_info: process_acdb_id: Device SND_DEVICE_OUT_VOIP_HANDSET in /system/etc/audio_platform_info.xml not found, no ACDB ID set!
09-12 11:58:58.670 680 680 E msm8974_platform: find_index: Could not find index for name = SND_DEVICE_OUT_VOIP_SPEAKER
09-12 11:58:58.670 680 680 E platform_info: process_acdb_id: Device SND_DEVICE_OUT_VOIP_SPEAKER in /system/etc/audio_platform_info.xml not found, no ACDB ID set!
09-12 11:58:58.670 680 680 E msm8974_platform: find_index: Could not find index for name = SND_DEVICE_OUT_VOIP_HEADPHONES
09-12 11:58:58.670 680 680 E platform_info: process_acdb_id: Device SND_DEVICE_OUT_VOIP_HEADPHONES in /system/etc/audio_platform_info.xml not found, no ACDB ID set!
09-12 11:58:58.671 680 680 E msm8974_platform: find_index: Could not find index for name = SND_DEVICE_OUT_SPEAKER_AND_ANC_HEADSET
09-12 11:58:58.671 680 680 E platform_info: process_backend_name: Device SND_DEVICE_OUT_SPEAKER_AND_ANC_HEADSET in /system/etc/audio_platform_info.xml not found, no ACDB ID set!
09-12 11:58:58.671 680 680 E msm8974_platform: find_index: Could not find index for name = SND_DEVICE_OUT_VOIP_HANDSET
09-12 11:58:58.671 680 680 E platform_info: process_backend_name: Device SND_DEVICE_OUT_VOIP_HANDSET in /system/etc/audio_platform_info.xml not found, no ACDB ID set!
09-12 11:58:58.671 680 680 E msm8974_platform: find_index: Could not find index for name = SND_DEVICE_OUT_VOIP_SPEAKER
09-12 11:58:58.671 680 680 E platform_info: process_backend_name: Device SND_DEVICE_OUT_VOIP_SPEAKER in /system/etc/audio_platform_info.xml not found, no ACDB ID set!
09-12 11:58:58.671 680 680 E platform_info: device tag only supported for acdb/backend names
09-12 11:58:58.671 680 680 E platform_info: device tag only supported for acdb/backend names
09-12 11:58:58.671 680 680 E platform_info: device tag only supported for acdb/backend names
09-12 11:58:58.671 680 680 E platform_info: device tag only supported for acdb/backend names
09-12 11:58:58.671 680 680 E ext_speaker: open_speaker_bundle: DLOPEN failed for /system/lib/soundfx/libspeakerbundle.so
09-12 11:58:58.671 680 680 V audio_hw_primary: adev_open: DLOPEN successful for /system/lib/soundfx/libqcomvisualizer.so
09-12 11:58:58.671 680 680 V audio_hw_primary: adev_open: DLOPEN successful for /system/lib/soundfx/libqcompostprocbundle.so
09-12 11:58:58.671 680 680 V audio_hw_primary: adev_open: exit
09-12 11:58:58.671 680 680 I AudioFlinger: loadHwModule() Loaded primary audio interface from QCOM Audio HAL (audio) handle 1
09-12 11:58:58.671 680 680 V audio_hw_primary: adev_open_output_stream: enter: sample_rate(48000) channel_mask(0x3) devices(0x2) flags(0x2)
09-12 11:58:58.671 680 680 V audio_hw_primary: adev_open_output_stream: Usecase(low-latency-playback) config->format 0x1 out->config.format 0
09-12 11:58:58.671 680 680 V audio_hw_primary: adev_open_output_stream: exit
09-12 11:58:58.671 680 680 I AudioFlinger: HAL output buffer size 240 frames, normal sink buffer size 960 frames
09-12 11:58:58.674 680 680 I AudioMixer: found effect "Multichannel Downmix To Stereo" from The Android Open Source Project
09-12 11:58:58.674 680 680 E MonoPipe: Failed to fetch local time frequency when constructing a MonoPipe (res = -32). getNextWriteTimestamp calls will be non-functional
09-12 11:58:58.675 680 680 I AudioFlinger: Using module 1 has the primary audio interface
09-12 11:58:58.675 680 719 I AudioFlinger: AudioFlinger's thread 0xb5a22000 ready to run
09-12 11:58:58.675 680 719 W AudioFlinger: Thread AudioOut_2 cannot connect to the power manager service
09-12 11:58:58.676 680 719 D audio_hw_primary: out_set_parameters: enter: usecase(1: low-latency-playback) kvpairs: routing=2
09-12 11:58:58.676 680 719 V audio_hw_primary: out_set_parameters: exit: code(0)
09-12 11:58:58.676 680 719 V audio_hw_primary: out_standby: enter: usecase(1: low-latency-playback)
09-12 11:58:58.676 680 719 V audio_hw_primary: out_standby: exit
09-12 11:58:58.677 680 680 V audio_hw_primary: adev_open_output_stream: enter: sample_rate(48000) channel_mask(0x3) devices(0x10000) flags(0)
09-12 11:58:58.677 680 680 V audio_hw_primary: adev_open_output_stream: Usecase(afe-proxy-playback) config->format 0x1 out->config.format 0
09-12 11:58:58.677 680 680 V audio_hw_primary: adev_open_output_stream: exit
09-12 11:58:58.677 680 680 I AudioFlinger: HAL output buffer size 768 frames, normal sink buffer size 1152 frames
09-12 11:58:58.677 680 719 W AudioFlinger: Thread AudioOut_2 cannot connect to the power manager service
09-12 11:58:58.677 680 719 W AudioFlinger: Thread AudioOut_2 cannot connect to the power manager service
09-12 11:58:58.677 680 719 E AudioFlinger: no wake lock to update!
09-12 11:58:58.679 680 721 I AudioFlinger: AudioFlinger's thread 0xb5ab6000 ready to run
09-12 11:58:58.679 680 721 W AudioFlinger: Thread AudioOut_4 cannot connect to the power manager service
09-12 11:58:58.679 680 721 D audio_hw_primary: out_set_parameters: enter: usecase(16: afe-proxy-playback) kvpairs: routing=65536
09-12 11:58:58.679 680 721 V audio_hw_primary: out_set_parameters: exit: code(0)
09-12 11:58:58.680 680 721 V audio_hw_primary: out_standby: enter: usecase(16: afe-proxy-playback)
09-12 11:58:58.680 680 721 V audio_hw_primary: out_standby: exit
09-12 11:58:58.680 680 721 W AudioFlinger: Thread AudioOut_4 cannot connect to the power manager service
09-12 11:58:58.681 680 721 W AudioFlinger: Thread AudioOut_4 cannot connect to the power manager service
09-12 11:58:58.681 680 721 E AudioFlinger: no wake lock to update!
09-12 11:58:58.681 680 680 V audio_hw_primary: adev_open_input_stream: enter
09-12 11:58:58.682 680 680 V audio_hw_primary: adev_open_input_stream: exit
09-12 11:58:58.682 680 722 I AudioFlinger: AudioFlinger's thread 0xb5b57000 ready to run
09-12 11:58:58.682 680 680 V audio_hw_primary: adev_close_input_stream
09-12 11:58:58.682 680 680 V audio_hw_primary: in_standby: enter
09-12 11:58:58.682 680 680 V audio_hw_primary: in_standby: exit: status(0)
09-12 11:58:58.682 680 680 V audio_hw_primary: adev_open_input_stream: enter
09-12 11:58:58.682 680 680 V audio_hw_primary: adev_open_input_stream: exit
09-12 11:58:58.682 680 723 I AudioFlinger: AudioFlinger's thread 0xb5b57000 ready to run
09-12 11:58:58.682 680 680 V audio_hw_primary: adev_close_input_stream
09-12 11:58:58.683 680 680 V audio_hw_primary: in_standby: enter
09-12 11:58:58.683 680 680 V audio_hw_primary: in_standby: exit: status(0)
09-12 11:58:58.683 680 680 I audio_a2dp_hw: adev_open: adev_open in A2dp_hw module
09-12 11:58:58.683 680 680 I AudioFlinger: loadHwModule() Loaded a2dp audio interface from A2DP Audio HW HAL (audio) handle 8
09-12 11:58:58.683 680 680 I AudioFlinger: loadHwModule() Loaded usb audio interface from USB audio HW HAL (audio) handle 9
09-12 11:58:58.684 680 680 I r_submix: adev_open(name=audio_hw_if)
09-12 11:58:58.684 680 680 I r_submix: adev_init_check()
09-12 11:58:58.684 680 680 I AudioFlinger: loadHwModule() Loaded r_submix audio interface from Wifi Display audio HAL (audio) handle 10
09-12 11:58:58.684 680 680 D r_submix: adev_open_input_stream(addr=0)
09-12 11:58:58.684 680 680 D r_submix: submix_audio_device_create_pipe_l(addr=0, idx=9)
09-12 11:58:58.684 680 680 D r_submix: now using address 0 for route 9
09-12 11:58:58.684 680 724 I AudioFlinger: AudioFlinger's thread 0xb5ba1000 ready to run
09-12 11:58:58.685 680 680 D r_submix: adev_close_input_stream()
09-12 11:58:58.685 680 680 D r_submix: submix_audio_device_release_pipe_l(idx=9) addr=0
09-12 11:58:58.685 680 680 D r_submix: submix_audio_device_destroy_pipe_l(): pipe destroyed
09-12 11:58:58.686 680 680 E SoundTriggerHwService: couldn't load sound trigger module sound_trigger.primary (No such file or directory)
09-12 11:58:59.244 679 679 W AudioSystem: AudioPolicyService not published, waiting...
09-12 11:58:59.793 679 679 I Gecko : MobileConnectionService: init complete
09-12 11:58:59.831 679 679 I Gecko : 21968939831 Marionette INFO Marionette enabled via build flag and pref
09-12 11:58:59.991 679 679 E GeckoConsole: [JavaScript Error: "Error: Trying to set current.startTime to a very old time: Sat Sep 12 1970 11:58:53 GMT+0530 (IST). The current time is Sat Sep 12 1970 11:58:59 GMT+0530 (IST). Is the system clock wrong?" {file: "resource://services-common/utils.js" line: 582}]
09-12 11:59:00.006 679 679 I Gecko : -*- TimeKeepService: B2G time service enabled
09-12 11:59:00.180 679 679 I Gecko : 21968940180 Marionette INFO Listening on port 2828
09-12 11:59:00.226 679 728 D EventHub: No input device configuration file found for device 'msm8974-taiko-mtp-snd-card Headset Jack'.
09-12 11:59:00.226 679 728 I EventHub: New device: id=1, fd=60, path='/dev/input/event5', name='msm8974-taiko-mtp-snd-card Headset Jack', classes=0x80, configuration='', keyLayout='', keyCharacterMap='', builtinKeyboard=false, usingSuspendBlockIoctl=true, usingClockIoctl=true
09-12 11:59:00.227 679 728 D EventHub: No input device configuration file found for device 'msm8974-taiko-mtp-snd-card Button Jack'.
09-12 11:59:00.229 679 728 W EventHub: Unable to disable kernel key repeat for /dev/input/event4: Function not implemented
09-12 11:59:00.229 679 728 I EventHub: New device: id=2, fd=62, path='/dev/input/event4', name='msm8974-taiko-mtp-snd-card Button Jack', classes=0x1, configuration='', keyLayout='/system/usr/keylayout/msm8974-taiko-mtp-snd-card_Button_Jack.kl', keyCharacterMap='/system/usr/keychars/Generic.kcm', builtinKeyboard=false, usingSuspendBlockIoctl=true, usingClockIoctl=true
09-12 11:59:00.229 679 728 D EventHub: No input device configuration file found for device 'qpnp_pon'.
09-12 11:59:00.231 679 728 W EventHub: Unable to disable kernel key repeat for /dev/input/event1: Function not implemented
09-12 11:59:00.231 679 728 I EventHub: New device: id=3, fd=68, path='/dev/input/event1', name='qpnp_pon', classes=0x1, configuration='', keyLayout='/system/usr/keylayout/qpnp_pon.kl', keyCharacterMap='/system/usr/keychars/Generic.kcm', builtinKeyboard=false, usingSuspendBlockIoctl=true, usingClockIoctl=true
09-12 11:59:00.234 679 728 W EventHub: Unable to disable kernel key repeat for /dev/input/event0: Function not implemented
09-12 11:59:00.234 679 728 I EventHub: New device: id=4, fd=69, path='/dev/input/event0', name='clearpad', classes=0x15, configuration='/system/usr/idc/clearpad.idc', keyLayout='/system/usr/keylayout/Generic.kl', keyCharacterMap='/system/usr/keychars/Generic.kcm', builtinKeyboard=false, usingSuspendBlockIoctl=true, usingClockIoctl=true
09-12 11:59:00.234 679 728 E EventHub: could not get driver version for /dev/input/mice, Not a typewriter
09-12 11:59:00.277 679 728 D EventHub: No input device configuration file found for device 'gpio-keys'.
09-12 11:59:00.278 679 728 W EventHub: Unable to disable kernel key repeat for /dev/input/event3: Function not implemented
09-12 11:59:00.278 679 728 I EventHub: New device: id=5, fd=70, path='/dev/input/event3', name='gpio-keys', classes=0x81, configuration='', keyLayout='/system/usr/keylayout/gpio-keys.kl', keyCharacterMap='/system/usr/keychars/Generic.kcm', builtinKeyboard=false, usingSuspendBlockIoctl=true, usingClockIoctl=true
09-12 11:59:00.278 679 728 D EventHub: No input device configuration file found for device 'qpnp_chg_unplug_key'.
09-12 11:59:00.281 679 728 W EventHub: Unable to disable kernel key repeat for /dev/input/event2: Function not implemented
09-12 11:59:00.281 679 728 I EventHub: New device: id=6, fd=71, path='/dev/input/event2', name='qpnp_chg_unplug_key', classes=0x1, configuration='', keyLayout='/system/usr/keylayout/Generic.kl', keyCharacterMap='/system/usr/keychars/Generic.kcm', builtinKeyboard=false, usingSuspendBlockIoctl=true, usingClockIoctl=true
09-12 11:59:00.284 679 728 I InputReader: Device added: id=-1, name='Virtual', sources=0x00000301
09-12 11:59:00.284 679 728 I InputReader: Device added: id=6, name='qpnp_chg_unplug_key', sources=0x00000101
09-12 11:59:00.284 679 728 I InputReader: Device added: id=5, name='gpio-keys', sources=0x80000101
09-12 11:59:00.284 679 728 I InputReader: Device reconfigured: id=4, name='clearpad', size 720x1280, orientation 0, mode 1, display id 0
09-12 11:59:00.284 679 728 I InputReader: Device added: id=4, name='clearpad', sources=0x00001103
09-12 11:59:00.284 679 728 I InputReader: Device added: id=3, name='qpnp_pon', sources=0x00000101
09-12 11:59:00.284 679 728 I InputReader: Device added: id=2, name='msm8974-taiko-mtp-snd-card Button Jack', sources=0x00000101
09-12 11:59:00.284 679 728 I InputReader: Device added: id=1, name='msm8974-taiko-mtp-snd-card Headset Jack', sources=0x80000000
09-12 11:59:00.306 357 357 E sdcard : missing packages.list; retrying
09-12 11:59:03.221 355 355 E tadif : Failed to connect to tad.
09-12 11:59:03.306 357 357 E sdcard : missing packages.list; retrying
09-12 11:59:03.600 345 402 E QMI_FW : QMUXD: WARNING qmi_qmux_if_pwr_up_init failed! rc=-1
09-12 11:59:06.307 357 357 E sdcard : missing packages.list; retrying
09-12 11:59:08.221 355 355 E tadif : Failed to connect to tad.
09-12 11:59:09.307 357 357 E sdcard : missing packages.list; retrying
09-12 11:59:12.308 357 357 E sdcard : missing packages.list; retrying
09-12 11:59:13.222 355 355 E tadif : Failed to connect to tad.
09-12 11:59:15.308 357 357 E sdcard : missing packages.list; retrying
09-12 11:59:18.223 355 355 E tadif : Failed to connect to tad.
09-12 11:59:18.309 357 357 E sdcard : missing packages.list; retrying