--------- beginning of main
09-12 11:58:00.955 0 308 I TimeKeep: No time adjust value found for restore
01-01 05:30:00.389 303 303 W auditd : type=2000 audit(0.0:1): initialized
09-12 11:57:59.439 303 303 I auditd : type=1403 audit(0.0:2): policy loaded auid=4294967295 ses=4294967295
09-12 11:58:01.034 0 305 I lowmemorykiller: Using in-kernel low memory killer interface --------- beginning of system
09-12 11:58:01.039 307 307 I Vold : Vold 2.1 (the revenge) firing up
09-12 11:58:01.039 307 307 D Vold : Volume sdcard1 state changing -1 (Initializing) -> 0 (No-Media)
09-12 11:58:01.039 307 307 D Vold : Volume usbdisk state changing -1 (Initializing) -> 0 (No-Media)
09-12 11:58:03.199 348 348 I installd: installd firing up
09-12 11:58:03.212 343 343 I Netd : Netd 1.0 starting
09-12 11:58:03.212 355 355 E tadif : Failed to connect to tad.
09-12 11:58:03.214 344 344 I : debuggerd: Sep 29 2015 18:39:16
09-12 11:58:03.291 356 356 V tfa9890 : enter tfa9890_init
09-12 11:58:03.291 356 356 V tfa9890 : Preparing /system/etc/tfa98xx/TFA9890.patch
09-12 11:58:03.297 357 357 E sdcard : missing packages.list; retrying
09-12 11:58:03.300 356 356 V tfa9890 : ioctl /system/etc/tfa98xx/TFA9890.patch
09-12 11:58:03.300 356 356 V tfa9890 : Preparing /system/etc/tfa98xx/coldboot.patch
09-12 11:58:03.301 356 356 V tfa9890 : ioctl /system/etc/tfa98xx/coldboot.patch
09-12 11:58:03.301 356 356 V tfa9890 : Preparing /system/etc/tfa98xx/TFA9890_top.config
09-12 11:58:03.303 356 356 V tfa9890 : ioctl /system/etc/tfa98xx/TFA9890_top.config
09-12 11:58:03.303 356 356 V tfa9890 : Preparing /system/etc/tfa98xx/TFA9890_btm.config
09-12 11:58:03.305 356 356 V tfa9890 : ioctl /system/etc/tfa98xx/TFA9890_btm.config
09-12 11:58:03.305 356 356 V tfa9890 : Preparing /system/etc/tfa98xx/TFA9890_Receiver.config
09-12 11:58:03.334 356 356 V tfa9890 : ioctl /system/etc/tfa98xx/TFA9890_Receiver.config
09-12 11:58:03.334 356 356 V tfa9890 : Preparing /system/etc/tfa98xx/top.speaker
09-12 11:58:03.335 356 356 V tfa9890 : ioctl /system/etc/tfa98xx/top.speaker
09-12 11:58:03.335 356 356 V tfa9890 : Preparing /system/etc/tfa98xx/btm.speaker
09-12 11:58:03.337 356 356 V tfa9890 : ioctl /system/etc/tfa98xx/btm.speaker
09-12 11:58:03.337 356 356 V tfa9890 : Preparing /system/etc/tfa98xx/HiFiSpeaker_top.preset
09-12 11:58:03.338 356 356 V tfa9890 : ioctl /system/etc/tfa98xx/HiFiSpeaker_top.preset
09-12 11:58:03.338 356 356 V tfa9890 : Preparing /system/etc/tfa98xx/HiFiSpeaker_btm.preset
09-12 11:58:03.339 356 356 V tfa9890 : ioctl /system/etc/tfa98xx/HiFiSpeaker_btm.preset
09-12 11:58:03.339 356 356 V tfa9890 : Preparing /system/etc/tfa98xx/HiFiSpeakerRing_top.preset
09-12 11:58:03.339 356 356 V tfa9890 : ioctl /system/etc/tfa98xx/HiFiSpeakerRing_top.preset
09-12 11:58:03.339 356 356 V tfa9890 : Preparing /system/etc/tfa98xx/HiFiSpeakerRing_btm.preset
09-12 11:58:03.341 356 356 V tfa9890 : ioctl /system/etc/tfa98xx/HiFiSpeakerRing_btm.preset
09-12 11:58:03.341 356 356 V tfa9890 : Preparing /system/etc/tfa98xx/HiFiSpeakerSforce_top.preset
09-12 11:58:03.343 354 354 I thermanager: "shutdown" set to level 0
09-12 11:58:03.344 354 354 I thermanager: "dc" set to level 0
09-12 11:58:03.345 354 354 I thermanager: "usb" set to level 0
09-12 11:58:03.345 354 354 I thermanager: "charging" set to level 0
09-12 11:58:03.345 354 354 I thermanager: "gpu" set to level 0
09-12 11:58:03.345 354 354 I thermanager: "modem" set to level 0
09-12 11:58:03.345 354 354 I thermanager: modem: 0
09-12 11:58:03.345 354 354 I thermanager: "backlight" set to level 0
09-12 11:58:03.351 354 354 I thermanager: "charge_en" set to level 0
09-12 11:58:03.352 354 354 I thermanager: "cpu" set to level 0
09-12 11:58:03.354 356 356 V tfa9890 : ioctl /system/etc/tfa98xx/HiFiSpeakerSforce_top.preset
09-12 11:58:03.354 356 356 V tfa9890 : Preparing /system/etc/tfa98xx/HiFiSpeakerSforce_btm.preset
09-12 11:58:03.360 356 356 V tfa9890 : ioctl /system/etc/tfa98xx/HiFiSpeakerSforce_btm.preset
09-12 11:58:03.360 356 356 V tfa9890 : Preparing /system/etc/tfa98xx/VoiceCallSpeaker_top.preset
09-12 11:58:03.377 356 356 V tfa9890 : ioctl /system/etc/tfa98xx/VoiceCallSpeaker_top.preset
09-12 11:58:03.377 356 356 V tfa9890 : Preparing /system/etc/tfa98xx/VoiceCallSpeaker_btm.preset
09-12 11:58:03.385 356 356 V tfa9890 : ioctl /system/etc/tfa98xx/VoiceCallSpeaker_btm.preset
09-12 11:58:03.385 356 356 V tfa9890 : Preparing /system/etc/tfa98xx/FMSpeaker_top.preset
09-12 11:58:03.386 356 356 V tfa9890 : ioctl /system/etc/tfa98xx/FMSpeaker_top.preset
09-12 11:58:03.386 356 356 V tfa9890 : Preparing /system/etc/tfa98xx/FMSpeaker_btm.preset
09-12 11:58:03.386 356 356 V tfa9890 : ioctl /system/etc/tfa98xx/FMSpeaker_btm.preset
09-12 11:58:03.386 356 356 V tfa9890 : Preparing /system/etc/tfa98xx/VoiceCallEarpice_top.preset
09-12 11:58:03.388 356 356 V tfa9890 : ioctl /system/etc/tfa98xx/VoiceCallEarpice_top.preset
09-12 11:58:03.388 356 356 V tfa9890 : Preparing /system/etc/tfa98xx/HiFiSpeaker_top.eq
09-12 11:58:03.388 356 356 V tfa9890 : ioctl /system/etc/tfa98xx/HiFiSpeaker_top.eq
09-12 11:58:03.388 356 356 V tfa9890 : Preparing /system/etc/tfa98xx/HiFiSpeaker_btm.eq
09-12 11:58:03.388 356 356 V tfa9890 : ioctl /system/etc/tfa98xx/HiFiSpeaker_btm.eq
09-12 11:58:03.388 356 356 V tfa9890 : Preparing /system/etc/tfa98xx/HiFiSpeakerRing_top.eq
09-12 11:58:03.388 356 356 V tfa9890 : ioctl /system/etc/tfa98xx/HiFiSpeakerRing_top.eq
09-12 11:58:03.388 356 356 V tfa9890 : Preparing /system/etc/tfa98xx/HiFiSpeakerRing_btm.eq
09-12 11:58:03.388 356 356 V tfa9890 : ioctl /system/etc/tfa98xx/HiFiSpeakerRing_btm.eq
09-12 11:58:03.388 356 356 V tfa9890 : Preparing /system/etc/tfa98xx/HiFiSpeakerSforce_top.eq
09-12 11:58:03.388 356 356 V tfa9890 : ioctl /system/etc/tfa98xx/HiFiSpeakerSforce_top.eq
09-12 11:58:03.388 356 356 V tfa9890 : Preparing /system/etc/tfa98xx/HiFiSpeakerSforce_btm.eq
09-12 11:58:03.388 356 356 V tfa9890 : ioctl /system/etc/tfa98xx/HiFiSpeakerSforce_btm.eq
09-12 11:58:03.388 356 356 V tfa9890 : Preparing /system/etc/tfa98xx/VoiceCallSpeaker_top.eq
09-12 11:58:03.388 356 356 V tfa9890 : ioctl /system/etc/tfa98xx/VoiceCallSpeaker_top.eq
09-12 11:58:03.388 356 356 V tfa9890 : Preparing /system/etc/tfa98xx/VoiceCallSpeaker_btm.eq
09-12 11:58:03.388 356 356 V tfa9890 : ioctl /system/etc/tfa98xx/VoiceCallSpeaker_btm.eq
09-12 11:58:03.388 356 356 V tfa9890 : Preparing /system/etc/tfa98xx/FMSpeaker_top.eq
09-12 11:58:03.388 356 356 V tfa9890 : ioctl /system/etc/tfa98xx/FMSpeaker_top.eq
09-12 11:58:03.388 356 356 V tfa9890 : Preparing /system/etc/tfa98xx/FMSpeaker_btm.eq
09-12 11:58:03.388 356 356 V tfa9890 : ioctl /system/etc/tfa98xx/FMSpeaker_btm.eq
09-12 11:58:03.388 356 356 V tfa9890 : Preparing /system/etc/tfa98xx/VoiceCallEarpice_top.eq
09-12 11:58:03.388 356 356 V tfa9890 : ioctl /system/etc/tfa98xx/VoiceCallEarpice_top.eq
09-12 11:58:03.388 356 356 V tfa9890 : exit tfa9890_init with 0
09-12 11:58:03.546 345 345 I libmdmdetect: ESOC framework not supported
09-12 11:58:03.554 347 347 I mediaserver: ServiceManager: 0xb58700c0
09-12 11:58:03.554 347 347 I AudioFlinger: Using default 3000 mSec as standby time.
09-12 11:58:03.555 347 347 I ServiceManager: Waiting for service batterystats...
09-12 11:58:03.566 345 402 I libmdmdetect: ESOC framework not supported
09-12 11:58:03.836 483 487 I Gecko : [483] WARNING: Tried to RegisterCallback without an AtExitManager: file /home/arun/code/B2G/gecko/ipc/chromium/src/base/at_exit.cc, line 40
09-12 11:58:03.839 352 352 I b2g : type=1400 audit(0.0:3): avc: denied { read write } for name="hpd" dev="sysfs" ino=9861 scontext=u:r:b2g:s0 tcontext=u:object_r:sysfs_graphics:s0 tclass=file permissive=1
09-12 11:58:03.839 352 352 I b2g : type=1400 audit(0.0:4): avc: denied { open } for path="/sys/devices/virtual/graphics/fb1/hpd" dev="sysfs" ino=9861 scontext=u:r:b2g:s0 tcontext=u:object_r:sysfs_graphics:s0 tclass=file permissive=1
09-12 11:58:03.842 352 352 W : could not open framebuffer
09-12 11:58:03.849 352 352 I qdutils : Right Split=0
09-12 11:58:03.850 352 352 I qdhwcomposer: Initializing Qualcomm Hardware Composer
09-12 11:58:03.850 352 352 I qdhwcomposer: MDP version: 500
09-12 11:58:03.850 352 352 D qdhwcomposer: hwc_getDisplayAttributes disp = 0, width = 720
09-12 11:58:03.850 352 352 D qdhwcomposer: hwc_getDisplayAttributes disp = 0, height = 1280
09-12 11:58:03.850 352 352 E qdhwcomposer: Unknown display attribute 0
09-12 11:58:03.852 352 352 D qdhwcomposer: hwc_blank: Unblanking display: 0
09-12 11:58:03.852 352 352 D qdhwcomposer: hwc_blank: Done unblanking display: 0
09-12 11:58:03.852 352 490 W Gonk : Could not open boot animation
09-12 11:58:03.852 352 490 W Gonk : Show solid color frame for bootAnim
09-12 11:58:03.876 352 352 I GeckoConsole: Could not read chrome manifest 'file:///system/b2g/chrome.manifest'.
09-12 11:58:03.878 352 490 D qdutils : DEBUG_CALC_FPS: 0
09-12 11:58:03.878 352 490 D qdutils : period: 10
09-12 11:58:03.878 352 490 D qdutils : ignorethresh_us: 500000
09-12 11:58:03.879 498 498 I /system/b2g/b2g: type=1400 audit(0.0:5): avc: denied { create } for comm=4C696E6B204D6F6E69746F72 scontext=u:r:b2g:s0 tcontext=u:r:b2g:s0 tclass=netlink_route_socket permissive=1
09-12 11:58:03.879 498 498 I /system/b2g/b2g: type=1400 audit(0.0:6): avc: denied { bind } for comm=4C696E6B204D6F6E69746F72 scontext=u:r:b2g:s0 tcontext=u:r:b2g:s0 tclass=netlink_route_socket permissive=1
09-12 11:58:04.109 343 343 V NatController: runCmd(/system/bin/iptables -F natctrl_FORWARD) res=0
09-12 11:58:04.113 343 343 V NatController: runCmd(/system/bin/iptables -A natctrl_FORWARD -j DROP) res=0
09-12 11:58:04.116 343 343 V NatController: runCmd(/system/bin/iptables -t nat -F natctrl_nat_POSTROUTING) res=0
09-12 11:58:04.122 343 343 V NatController: runCmd(/system/bin/iptables -F natctrl_tether_counters) res=1
09-12 11:58:04.126 343 343 V NatController: runCmd(/system/bin/iptables -X natctrl_tether_counters) res=1
09-12 11:58:04.130 343 343 V NatController: runCmd(/system/bin/iptables -N natctrl_tether_counters) res=0
09-12 11:58:04.147 343 343 V NatController: runCmd(/system/bin/iptables -t mangle -A natctrl_mangle_FORWARD -p tcp --tcp-flags SYN SYN -j TCPMSS --clamp-mss-to-pmtu) res=0
09-12 11:58:04.342 306 306 E ServiceManager: add_service('android.security.keystore',a) uid=0 - ALREADY REGISTERED, OVERRIDE
09-12 11:58:04.342 306 306 I ServiceManager: service 'android.security.keystore' died
09-12 11:58:04.342 352 496 I VolumeManager: changing state from 'Uninitialized' to 'Starting'
09-12 11:58:04.342 352 496 I VolumeManager: Connected to vold
09-12 11:58:04.343 352 496 I VolumeManager: Volume sdcard1 (1): changing state from Init to NoMedia (1 observers)
09-12 11:58:04.343 352 496 I VolumeManager: Volume usbdisk (2): changing state from Init to NoMedia (1 observers)
09-12 11:58:04.343 352 496 I VolumeManager: Volume sdcard1: IsRemovable set to 1 state NoMedia
09-12 11:58:04.343 352 496 I VolumeManager: Volume sdcard1: IsHotSwappable set to 1 state NoMedia
09-12 11:58:04.343 352 496 I VolumeManager: Volume usbdisk: IsRemovable set to 1 state NoMedia
09-12 11:58:04.343 352 496 I VolumeManager: Volume usbdisk: IsHotSwappable set to 1 state NoMedia
09-12 11:58:04.345 352 496 I VolumeManager: Volume sdcard (3): changing state from Init to Mounted @ '/mnt/shell/emulated' (1 observers) mountGeneration = 1, locked = 0
09-12 11:58:04.345 352 496 I VolumeManager: READY: Volume: sdcard1 (1) is NoMedia and missing @ /storage/sdcard1 gen -1 locked 1
09-12 11:58:04.345 352 496 I VolumeManager: READY: Sharing dis Mounting n Formating n Unmounting n
09-12 11:58:04.345 352 496 I VolumeManager: READY: Volume: sdcard (3) is Mounted and inserted @ /mnt/shell/emulated gen 1 locked 0
09-12 11:58:04.345 352 496 I VolumeManager: READY: Sharing x Mounting n Formating n Unmounting n
09-12 11:58:04.345 352 496 I VolumeManager: changing state from 'Starting' to 'Volumes Ready'
09-12 11:58:04.346 352 496 I AutoMounter: AutoMounter state changed from IDLE to UMS_CONFIGURED
09-12 11:58:04.346 352 496 I AutoMounter: UpdateState: ums:A1C1E0 mtp:A1C0E0 mode:0 usb:1 tryToShare:0 state:UMS_CONFIGURED
09-12 11:58:04.347 352 496 I AutoMounter: UpdateState: Volume sdcard1 is NoMedia and missing
09-12 11:58:04.347 352 496 I AutoMounter: UpdateState: Volume sdcard is Mounted and inserted @ /mnt/shell/emulated gen 1 locked 0 sharing x
09-12 11:58:04.350 352 352 I ServiceManager: Waiting for service media.audio_policy...
09-12 11:58:04.555 347 347 I ServiceManager: Waiting for service batterystats...
09-12 11:58:04.654 343 343 D MDnsDS : MDnsSdListener::Hander starting up
09-12 11:58:04.654 343 631 D MDnsDS : MDnsSdListener starting to monitor
09-12 11:58:04.654 343 631 D MDnsDS : Going to poll with pollCount 1
09-12 11:58:05.350 352 352 I ServiceManager: Waiting for service media.audio_policy...
09-12 11:58:05.556 347 347 I ServiceManager: Waiting for service batterystats...
09-12 11:58:06.297 357 357 E sdcard : missing packages.list; retrying
09-12 11:58:06.351 352 352 I ServiceManager: Waiting for service media.audio_policy...
09-12 11:58:06.557 347 347 I ServiceManager: Waiting for service batterystats...
09-12 11:58:07.352 352 352 I ServiceManager: Waiting for service media.audio_policy...
09-12 11:58:07.558 347 347 I ServiceManager: Waiting for service batterystats...
09-12 11:58:08.213 355 355 E tadif : Failed to connect to tad.
09-12 11:58:08.353 352 352 I ServiceManager: Waiting for service media.audio_policy...
09-12 11:58:08.559 347 347 I CameraService: CameraService started (pid=347)
09-12 11:58:08.560 347 347 E CameraService: Could not load camera HAL module
09-12 11:58:08.563 347 347 I AudioPolicyService: AudioPolicyService CSTOR in new mode
09-12 11:58:08.573 347 347 W AudioPolicyManager: DeviceVector::add device 80000040 already in
09-12 11:58:08.574 347 347 I AudioPolicyManager: loadAudioPolicyConfig() loaded /system/etc/audio_policy.conf
09-12 11:58:08.583 347 347 D audio_hw_primary: adev_open: enter
09-12 11:58:08.619 347 347 D msm8974_platform: platform_init: snd_card_name: msm8974-taiko-mtp-snd-card
09-12 11:58:08.803 347 347 E audio_route: Control 'AUDIO_EXT_EC MUX' doesn't exist - skipping
09-12 11:58:08.804 347 347 E audio_route: Control 'MultiMedia4 Mixer MI2S_TX' doesn't exist - skipping
09-12 11:58:08.806 347 347 E audio_route: Control 'QCHAT_Tx Mixer SEC_AUX_PCM_TX_Voice' doesn't exist - skipping
09-12 11:58:08.806 347 347 E audio_route: Control 'RX4 DSM MUX' doesn't exist - skipping
09-12 11:58:08.806 347 347 E audio_route: Control 'RX6 DSM MUX' doesn't exist - skipping
09-12 11:58:08.806 347 347 E audio_route: Control 'SLIM_0_RX AANC MUX' doesn't exist - skipping
09-12 11:58:08.806 347 347 E audio_route: Control 'MultiMedia1 Mixer SLIMBUS_0_TX' doesn't exist - skipping
09-12 11:58:08.807 347 347 E audio_route: Control 'QUAT_MI2S_RX Audio Mixer MultiMedia9' doesn't exist - skipping
09-12 11:58:08.809 347 347 E audio_route: Control 'QUAT_MI2S_RX Audio Mixer MultiMedia9' doesn't exist - skipping
09-12 11:58:08.811 347 347 E audio_route: Control 'QUAT_MI2S_RX Port Mixer SLIM_0_TX' doesn't exist - skipping
09-12 11:58:08.812 347 347 E audio_route: Control 'QCHAT_Tx Mixer SEC_AUX_PCM_TX_Voice' doesn't exist - skipping
09-12 11:58:08.818 347 347 E audio_route: Control 'AUDIO_EXT_EC MUX' doesn't exist - skipping
09-12 11:58:08.819 347 347 E audio_route: Control 'HPHR DAC Switch' doesn't exist - skipping
09-12 11:58:08.819 347 347 E audio_route: Control 'HPHR DAC Switch' doesn't exist - skipping
09-12 11:58:08.819 347 347 E audio_route: Control 'HPHR DAC Switch' doesn't exist - skipping
09-12 11:58:08.820 347 347 E audio_route: Control 'SLIM_0_RX AANC MUX' doesn't exist - skipping
09-12 11:58:08.824 347 347 E audio_route: Control 'HPHR DAC Switch' doesn't exist - skipping
09-12 11:58:08.825 347 347 E audio_route: Control 'HPHR DAC Switch' doesn't exist - skipping
09-12 11:58:08.825 347 347 E audio_route: Control 'HPHR DAC Switch' doesn't exist - skipping
09-12 11:58:08.825 347 347 E audio_route: Control 'HPHR DAC Switch' doesn't exist - skipping
09-12 11:58:08.826 347 347 E audio_route: Control 'HPHR DAC Switch' doesn't exist - skipping
09-12 11:58:08.829 347 347 E audio_route: Control 'HPHR DAC Switch' doesn't exist - skipping
09-12 11:58:08.829 347 347 E audio_route: Control 'HPHR DAC Switch' doesn't exist - skipping
09-12 11:58:08.830 347 347 E audio_route: Control 'HPHR DAC Switch' doesn't exist - skipping
09-12 11:58:08.830 347 347 E audio_route: Control 'HPHR DAC Switch' doesn't exist - skipping
09-12 11:58:08.857 347 347 D msm8974_platform: platform_init: Opened sound card:0
09-12 11:58:08.860 347 347 V msm8974_platform: platform_init: DLOPEN successful for libacdbloader.so
09-12 11:58:08.861 347 347 D ACDB-LOADER: ACDB -> Load file: /etc/acdbdata/MTP/MTP_Bluetooth_cal.acdb
09-12 11:58:08.861 347 347 D ACDB-LOADER: ACDB -> Load file: /etc/acdbdata/MTP/MTP_General_cal.acdb
09-12 11:58:08.861 347 347 D ACDB-LOADER: ACDB -> Load file: /etc/acdbdata/MTP/MTP_Global_cal.acdb
09-12 11:58:08.861 347 347 D ACDB-LOADER: ACDB -> Load file: /etc/acdbdata/MTP/MTP_Handset_cal.acdb
09-12 11:58:08.861 347 347 D ACDB-LOADER: ACDB -> Load file: /etc/acdbdata/MTP/MTP_Hdmi_cal.acdb
09-12 11:58:08.862 347 347 D ACDB-LOADER: ACDB -> Load file: /etc/acdbdata/MTP/MTP_Headset_cal.acdb
09-12 11:58:08.862 347 347 D ACDB-LOADER: ACDB -> Load file: /etc/acdbdata/MTP/MTP_Speaker_cal.acdb
09-12 11:58:08.862 347 347 D ACDB-LOADER: ACDB -> ACDB_CMD_INITIALIZE_V2
09-12 11:58:08.863 347 347 D : [ACDB Command]->SW Minor/Major/Revision version mismatch warning /etc/acdbdata/MTP/MTP_Bluetooth_cal.acdb
09-12 11:58:08.863 347 347 D : [ACDB Command]->ACDB Sw Major = 3, ACDB Sw Minor = 0, ACDB Sw Revision = 0
09-12 11:58:08.863 347 347 D : [ACDB Command]->ACDB File Major = 3, ACDB File Minor = 0, ACDB File Revision = 2
09-12 11:58:08.863 347 347 D : [ACDB Command]->SW Minor/Major/Revision version mismatch warning /etc/acdbdata/MTP/MTP_General_cal.acdb
09-12 11:58:08.863 347 347 D : [ACDB Command]->ACDB Sw Major = 3, ACDB Sw Minor = 0, ACDB Sw Revision = 0
09-12 11:58:08.863 347 347 D : [ACDB Command]->ACDB File Major = 3, ACDB File Minor = 0, ACDB File Revision = 2
09-12 11:58:08.864 347 347 D : [ACDB Command]->SW Minor/Major/Revision version mismatch warning /etc/acdbdata/MTP/MTP_Global_cal.acdb
09-12 11:58:08.864 347 347 D : [ACDB Command]->ACDB Sw Major = 3, ACDB Sw Minor = 0, ACDB Sw Revision = 0
09-12 11:58:08.864 347 347 D : [ACDB Command]->ACDB File Major = 3, ACDB File Minor = 0, ACDB File Revision = 2
09-12 11:58:08.866 347 347 D : [ACDB Command]->SW Minor/Major/Revision version mismatch warning /etc/acdbdata/MTP/MTP_Handset_cal.acdb
09-12 11:58:08.866 347 347 D : [ACDB Command]->ACDB Sw Major = 3, ACDB Sw Minor = 0, ACDB Sw Revision = 0
09-12 11:58:08.866 347 347 D : [ACDB Command]->ACDB File Major = 3, ACDB File Minor = 0, ACDB File Revision = 2
09-12 11:58:08.866 347 347 D : [ACDB Command]->SW Minor/Major/Revision version mismatch warning /etc/acdbdata/MTP/MTP_Hdmi_cal.acdb
09-12 11:58:08.866 347 347 D : [ACDB Command]->ACDB Sw Major = 3, ACDB Sw Minor = 0, ACDB Sw Revision = 0
09-12 11:58:08.866 347 347 D : [ACDB Command]->ACDB File Major = 3, ACDB File Minor = 0, ACDB File Revision = 2
09-12 11:58:08.868 347 347 D : [ACDB Command]->SW Minor/Major/Revision version mismatch warning /etc/acdbdata/MTP/MTP_Headset_cal.acdb
09-12 11:58:08.868 347 347 D : [ACDB Command]->ACDB Sw Major = 3, ACDB Sw Minor = 0, ACDB Sw Revision = 0
09-12 11:58:08.868 347 347 D : [ACDB Command]->ACDB File Major = 3, ACDB File Minor = 0, ACDB File Revision = 2
09-12 11:58:08.870 347 347 D : [ACDB Command]->SW Minor/Major/Revision version mismatch warning /etc/acdbdata/MTP/MTP_Speaker_cal.acdb
09-12 11:58:08.870 347 347 D : [ACDB Command]->ACDB Sw Major = 3, ACDB Sw Minor = 0, ACDB Sw Revision = 0
09-12 11:58:08.870 347 347 D : [ACDB Command]->ACDB File Major = 3, ACDB File Minor = 0, ACDB File Revision = 2
09-12 11:58:08.870 347 347 D ACDB-LOADER: ACDB -> ACPH INIT
09-12 11:58:08.870 347 347 D : [ACPH]->Online service registered with ACPH
09-12 11:58:08.870 347 347 E Diag_Lib: Diag_LSM_Init: Failed to open handle to diag driver, error = 13
09-12 11:58:08.870 347 347 E Diag_Lib: diagpkt_tbl_reg: Registration failed.
09-12 11:58:08.870 347 347 D : [ACPH]->ACPH init success
09-12 11:58:08.870 347 347 D ACDB-LOADER: ACDB -> RTAC INIT
09-12 11:58:08.870 347 347 D : [ACPH]->DSP RTC service registered with ACPH
09-12 11:58:08.870 347 347 D ACDB-LOADER: ACDB -> ADIE RTAC INIT
09-12 11:58:08.870 347 347 D : [ACPH]->ADIE RTC service registered with ACPH
09-12 11:58:08.870 347 347 E ACDB-LOADER: Cannot open /dev/msm_acdb errno: 2
09-12 11:58:08.871 347 347 E msm8974_platform: find_index: Could not find index for name = SND_DEVICE_OUT_VOIP_HANDSET
09-12 11:58:08.871 347 347 E platform_info: process_acdb_id: Device SND_DEVICE_OUT_VOIP_HANDSET in /system/etc/audio_platform_info.xml not found, no ACDB ID set!
09-12 11:58:08.871 347 347 E msm8974_platform: find_index: Could not find index for name = SND_DEVICE_OUT_VOIP_SPEAKER
09-12 11:58:08.871 347 347 E platform_info: process_acdb_id: Device SND_DEVICE_OUT_VOIP_SPEAKER in /system/etc/audio_platform_info.xml not found, no ACDB ID set!
09-12 11:58:08.871 347 347 E msm8974_platform: find_index: Could not find index for name = SND_DEVICE_OUT_VOIP_HEADPHONES
09-12 11:58:08.872 347 347 E platform_info: process_acdb_id: Device SND_DEVICE_OUT_VOIP_HEADPHONES in /system/etc/audio_platform_info.xml not found, no ACDB ID set!
09-12 11:58:08.872 347 347 E msm8974_platform: find_index: Could not find index for name = SND_DEVICE_OUT_SPEAKER_AND_ANC_HEADSET
09-12 11:58:08.872 347 347 E platform_info: process_backend_name: Device SND_DEVICE_OUT_SPEAKER_AND_ANC_HEADSET in /system/etc/audio_platform_info.xml not found, no ACDB ID set!
09-12 11:58:08.873 347 347 E msm8974_platform: find_index: Could not find index for name = SND_DEVICE_OUT_VOIP_HANDSET
09-12 11:58:08.873 347 347 E platform_info: process_backend_name: Device SND_DEVICE_OUT_VOIP_HANDSET in /system/etc/audio_platform_info.xml not found, no ACDB ID set!
09-12 11:58:08.873 347 347 E msm8974_platform: find_index: Could not find index for name = SND_DEVICE_OUT_VOIP_SPEAKER
09-12 11:58:08.873 347 347 E platform_info: process_backend_name: Device SND_DEVICE_OUT_VOIP_SPEAKER in /system/etc/audio_platform_info.xml not found, no ACDB ID set!
09-12 11:58:08.873 347 347 E platform_info: device tag only supported for acdb/backend names
09-12 11:58:08.873 347 347 E platform_info: device tag only supported for acdb/backend names
09-12 11:58:08.873 347 347 E platform_info: device tag only supported for acdb/backend names
09-12 11:58:08.873 347 347 E platform_info: device tag only supported for acdb/backend names
09-12 11:58:08.874 347 347 E ext_speaker: open_speaker_bundle: DLOPEN failed for /system/lib/soundfx/libspeakerbundle.so
09-12 11:58:08.875 347 347 V audio_hw_primary: adev_open: DLOPEN successful for /system/lib/soundfx/libqcomvisualizer.so
09-12 11:58:08.876 347 347 V audio_hw_primary: adev_open: DLOPEN successful for /system/lib/soundfx/libqcompostprocbundle.so
09-12 11:58:08.876 347 347 V audio_hw_primary: adev_open: exit
09-12 11:58:08.876 347 347 I AudioFlinger: loadHwModule() Loaded primary audio interface from QCOM Audio HAL (audio) handle 1
09-12 11:58:08.876 347 347 V audio_hw_primary: adev_open_output_stream: enter: sample_rate(48000) channel_mask(0x3) devices(0x2) flags(0x2)
09-12 11:58:08.876 347 347 V audio_hw_primary: adev_open_output_stream: Usecase(low-latency-playback) config->format 0x1 out->config.format 0
09-12 11:58:08.876 347 347 V audio_hw_primary: adev_open_output_stream: exit
09-12 11:58:08.876 347 347 I AudioFlinger: HAL output buffer size 240 frames, normal sink buffer size 960 frames
09-12 11:58:08.903 347 347 I AudioMixer: found effect "Multichannel Downmix To Stereo" from The Android Open Source Project
09-12 11:58:08.904 347 347 E MonoPipe: Failed to fetch local time frequency when constructing a MonoPipe (res = -32). getNextWriteTimestamp calls will be non-functional
09-12 11:58:08.905 347 347 I AudioFlinger: Using module 1 has the primary audio interface
09-12 11:58:08.905 347 639 I AudioFlinger: AudioFlinger's thread 0xb5a22000 ready to run
09-12 11:58:08.906 347 639 W AudioFlinger: Thread AudioOut_2 cannot connect to the power manager service
09-12 11:58:08.906 347 639 D audio_hw_primary: out_set_parameters: enter: usecase(1: low-latency-playback) kvpairs: routing=2
09-12 11:58:08.906 347 639 V audio_hw_primary: out_set_parameters: exit: code(0)
09-12 11:58:08.906 347 639 V audio_hw_primary: out_standby: enter: usecase(1: low-latency-playback)
09-12 11:58:08.906 347 639 V audio_hw_primary: out_standby: exit
09-12 11:58:08.907 347 639 W AudioFlinger: Thread AudioOut_2 cannot connect to the power manager service
09-12 11:58:08.907 347 639 W AudioFlinger: Thread AudioOut_2 cannot connect to the power manager service
09-12 11:58:08.907 347 639 E AudioFlinger: no wake lock to update!
09-12 11:58:08.909 347 347 V audio_hw_primary: adev_open_output_stream: enter: sample_rate(48000) channel_mask(0x3) devices(0x10000) flags(0)
09-12 11:58:08.909 347 347 V audio_hw_primary: adev_open_output_stream: Usecase(afe-proxy-playback) config->format 0x1 out->config.format 0
09-12 11:58:08.910 347 347 V audio_hw_primary: adev_open_output_stream: exit
09-12 11:58:08.911 347 347 I AudioFlinger: HAL output buffer size 768 frames, normal sink buffer size 1152 frames
09-12 11:58:08.912 347 641 I AudioFlinger: AudioFlinger's thread 0xb5ab8000 ready to run
09-12 11:58:08.913 347 641 W AudioFlinger: Thread AudioOut_4 cannot connect to the power manager service
09-12 11:58:08.913 347 641 V audio_hw_primary: out_standby: enter: usecase(16: afe-proxy-playback)
09-12 11:58:08.913 347 641 V audio_hw_primary: out_standby: exit
09-12 11:58:08.914 347 641 W AudioFlinger: Thread AudioOut_4 cannot connect to the power manager service
09-12 11:58:08.914 347 641 D audio_hw_primary: out_set_parameters: enter: usecase(16: afe-proxy-playback) kvpairs: routing=65536
09-12 11:58:08.914 347 641 V audio_hw_primary: out_set_parameters: exit: code(0)
09-12 11:58:08.914 347 641 W AudioFlinger: Thread AudioOut_4 cannot connect to the power manager service
09-12 11:58:08.914 347 641 E AudioFlinger: no wake lock to update!
09-12 11:58:08.918 347 347 V audio_hw_primary: adev_open_input_stream: enter
09-12 11:58:08.918 347 347 V audio_hw_primary: adev_open_input_stream: exit
09-12 11:58:08.918 347 642 I AudioFlinger: AudioFlinger's thread 0xb5b58000 ready to run
09-12 11:58:08.918 347 347 V audio_hw_primary: adev_close_input_stream
09-12 11:58:08.918 347 347 V audio_hw_primary: in_standby: enter
09-12 11:58:08.918 347 347 V audio_hw_primary: in_standby: exit: status(0)
09-12 11:58:08.919 347 347 V audio_hw_primary: adev_open_input_stream: enter
09-12 11:58:08.920 347 347 V audio_hw_primary: adev_open_input_stream: exit
09-12 11:58:08.920 347 643 I AudioFlinger: AudioFlinger's thread 0xb5b58000 ready to run
09-12 11:58:08.920 347 347 V audio_hw_primary: adev_close_input_stream
09-12 11:58:08.920 347 347 V audio_hw_primary: in_standby: enter
09-12 11:58:08.920 347 347 V audio_hw_primary: in_standby: exit: status(0)
09-12 11:58:08.928 347 347 I audio_a2dp_hw: adev_open: adev_open in A2dp_hw module
09-12 11:58:08.928 347 347 I AudioFlinger: loadHwModule() Loaded a2dp audio interface from A2DP Audio HW HAL (audio) handle 8
09-12 11:58:08.933 347 347 I AudioFlinger: loadHwModule() Loaded usb audio interface from USB audio HW HAL (audio) handle 9
09-12 11:58:08.936 347 347 I r_submix: adev_open(name=audio_hw_if)
09-12 11:58:08.936 347 347 I r_submix: adev_init_check()
09-12 11:58:08.937 347 347 I AudioFlinger: loadHwModule() Loaded r_submix audio interface from Wifi Display audio HAL (audio) handle 10
09-12 11:58:08.937 347 347 D r_submix: adev_open_input_stream(addr=0)
09-12 11:58:08.937 347 347 D r_submix: submix_audio_device_create_pipe_l(addr=0, idx=9)
09-12 11:58:08.937 347 347 D r_submix: now using address 0 for route 9
09-12 11:58:08.939 347 644 I AudioFlinger: AudioFlinger's thread 0xb5ba2000 ready to run
09-12 11:58:08.939 347 347 D r_submix: adev_close_input_stream()
09-12 11:58:08.939 347 347 D r_submix: submix_audio_device_release_pipe_l(idx=9) addr=0
09-12 11:58:08.939 347 347 D r_submix: submix_audio_device_destroy_pipe_l(): pipe destroyed
09-12 11:58:08.942 347 347 E SoundTriggerHwService: couldn't load sound trigger module sound_trigger.primary (No such file or directory)
09-12 11:58:09.297 357 357 E sdcard : missing packages.list; retrying
09-12 11:58:09.353 352 352 W AudioSystem: AudioPolicyService not published, waiting...
09-12 11:58:09.894 352 352 I Gecko : MobileConnectionService: init complete
09-12 11:58:09.932 352 352 I Gecko : 21968889932 Marionette INFO Marionette enabled via build flag and pref
09-12 11:58:11.133 352 352 E GeckoConsole: [JavaScript Error: "Error: Trying to set current.startTime to a very old time: Sat Sep 12 1970 11:58:03 GMT+0530 (IST). The current time is Sat Sep 12 1970 11:58:11 GMT+0530 (IST). Is the system clock wrong?" {file: "resource://services-common/utils.js" line: 582}]
09-12 11:58:11.148 352 352 I Gecko : -*- TimeKeepService: B2G time service enabled
09-12 11:58:11.332 352 352 I Gecko : 21968891332 Marionette INFO Listening on port 2828
09-12 11:58:11.359 352 352 I b2g : type=1400 audit(0.0:7): avc: denied { block_suspend } for capability=36 scontext=u:r:b2g:s0 tcontext=u:r:b2g:s0 tclass=capability2 permissive=1
09-12 11:58:11.378 352 649 D EventHub: No input device configuration file found for device 'msm8974-taiko-mtp-snd-card Headset Jack'.
09-12 11:58:11.378 352 649 I EventHub: New device: id=1, fd=60, path='/dev/input/event5', name='msm8974-taiko-mtp-snd-card Headset Jack', classes=0x80, configuration='', keyLayout='', keyCharacterMap='', builtinKeyboard=false, usingSuspendBlockIoctl=true, usingClockIoctl=true
09-12 11:58:11.378 352 649 D EventHub: No input device configuration file found for device 'msm8974-taiko-mtp-snd-card Button Jack'.
09-12 11:58:11.386 352 649 W EventHub: Unable to disable kernel key repeat for /dev/input/event4: Function not implemented
09-12 11:58:11.386 352 649 I EventHub: New device: id=2, fd=62, path='/dev/input/event4', name='msm8974-taiko-mtp-snd-card Button Jack', classes=0x1, configuration='', keyLayout='/system/usr/keylayout/msm8974-taiko-mtp-snd-card_Button_Jack.kl', keyCharacterMap='/system/usr/keychars/Generic.kcm', builtinKeyboard=false, usingSuspendBlockIoctl=true, usingClockIoctl=true
09-12 11:58:11.386 352 649 D EventHub: No input device configuration file found for device 'qpnp_pon'.
09-12 11:58:11.388 352 649 W EventHub: Unable to disable kernel key repeat for /dev/input/event1: Function not implemented
09-12 11:58:11.388 352 649 I EventHub: New device: id=3, fd=68, path='/dev/input/event1', name='qpnp_pon', classes=0x1, configuration='', keyLayout='/system/usr/keylayout/qpnp_pon.kl', keyCharacterMap='/system/usr/keychars/Generic.kcm', builtinKeyboard=false, usingSuspendBlockIoctl=true, usingClockIoctl=true
09-12 11:58:11.392 352 649 W EventHub: Unable to disable kernel key repeat for /dev/input/event0: Function not implemented
09-12 11:58:11.392 352 649 I EventHub: New device: id=4, fd=69, path='/dev/input/event0', name='clearpad', classes=0x15, configuration='/system/usr/idc/clearpad.idc', keyLayout='/system/usr/keylayout/Generic.kl', keyCharacterMap='/system/usr/keychars/Generic.kcm', builtinKeyboard=false, usingSuspendBlockIoctl=true, usingClockIoctl=true
09-12 11:58:11.392 352 649 E EventHub: could not get driver version for /dev/input/mice, Not a typewriter
09-12 11:58:11.467 352 649 D EventHub: No input device configuration file found for device 'gpio-keys'.
09-12 11:58:11.469 352 649 W EventHub: Unable to disable kernel key repeat for /dev/input/event3: Function not implemented
09-12 11:58:11.469 352 649 I EventHub: New device: id=5, fd=70, path='/dev/input/event3', name='gpio-keys', classes=0x81, configuration='', keyLayout='/system/usr/keylayout/gpio-keys.kl', keyCharacterMap='/system/usr/keychars/Generic.kcm', builtinKeyboard=false, usingSuspendBlockIoctl=true, usingClockIoctl=true
09-12 11:58:11.469 352 649 D EventHub: No input device configuration file found for device 'qpnp_chg_unplug_key'.
09-12 11:58:11.472 352 649 W EventHub: Unable to disable kernel key repeat for /dev/input/event2: Function not implemented
09-12 11:58:11.472 352 649 I EventHub: New device: id=6, fd=71, path='/dev/input/event2', name='qpnp_chg_unplug_key', classes=0x1, configuration='', keyLayout='/system/usr/keylayout/Generic.kl', keyCharacterMap='/system/usr/keychars/Generic.kcm', builtinKeyboard=false, usingSuspendBlockIoctl=true, usingClockIoctl=true
09-12 11:58:11.475 352 649 I InputReader: Device added: id=-1, name='Virtual', sources=0x00000301
09-12 11:58:11.476 352 649 I InputReader: Device added: id=6, name='qpnp_chg_unplug_key', sources=0x00000101
09-12 11:58:11.476 352 649 I InputReader: Device added: id=5, name='gpio-keys', sources=0x80000101
09-12 11:58:11.476 352 649 I InputReader: Device reconfigured: id=4, name='clearpad', size 720x1280, orientation 0, mode 1, display id 0
09-12 11:58:11.476 352 649 I InputReader: Device added: id=4, name='clearpad', sources=0x00001103
09-12 11:58:11.476 352 649 I InputReader: Device added: id=3, name='qpnp_pon', sources=0x00000101
09-12 11:58:11.476 352 649 I InputReader: Device added: id=2, name='msm8974-taiko-mtp-snd-card Button Jack', sources=0x00000101
09-12 11:58:11.476 352 649 I InputReader: Device added: id=1, name='msm8974-taiko-mtp-snd-card Headset Jack', sources=0x80000000
09-12 11:58:12.298 357 357 E sdcard : missing packages.list; retrying
09-12 11:58:13.214 355 355 E tadif : Failed to connect to tad.
09-12 11:58:15.298 357 357 E sdcard : missing packages.list; retrying
09-12 11:58:18.214 355 355 E tadif : Failed to connect to tad.
09-12 11:58:18.298 357 357 E sdcard : missing packages.list; retrying
09-12 11:58:21.299 357 357 E sdcard : missing packages.list; retrying
09-12 11:58:23.215 355 355 E tadif : Failed to connect to tad.
09-12 11:58:24.300 357 357 E sdcard : missing packages.list; retrying
09-12 11:58:27.300 357 357 E sdcard : missing packages.list; retrying
09-12 11:58:28.216 355 355 E tadif : Failed to connect to tad.
09-12 11:58:30.301 357 357 E sdcard : missing packages.list; retrying
09-12 11:58:33.217 355 355 E tadif : Failed to connect to tad.
09-12 11:58:33.301 357 357 E sdcard : missing packages.list; retrying
09-12 11:58:36.302 357 357 E sdcard : missing packages.list; retrying
09-12 11:58:38.218 355 355 E tadif : Failed to connect to tad.
09-12 11:58:39.302 357 357 E sdcard : missing packages.list; retrying
09-12 11:58:42.303 357 357 E sdcard : missing packages.list; retrying
09-12 11:58:43.218 355 355 E tadif : Failed to connect to tad.
09-12 11:58:45.304 357 357 E sdcard : missing packages.list; retrying
09-12 11:58:48.219 355 355 E tadif : Failed to connect to tad.
09-12 11:58:48.304 357 357 E sdcard : missing packages.list; retrying
09-12 11:58:51.305 357 357 E sdcard : missing packages.list; retrying
09-12 11:58:51.498 352 352 E libsensor1: sensor1_open: Error in connect() errno=2 No such file or directory
09-12 11:58:51.499 352 352 E qti_sensors_hal: sensor1 open failed!
09-12 11:58:51.499 352 352 W qti_sensors_hal: sensors_get_sensors_list: handle 0 is not registered!
09-12 11:58:51.499 352 352 W qti_sensors_hal: sensors_get_sensors_list: handle 10 is not registered!
09-12 11:58:51.500 352 352 W qti_sensors_hal: sensors_get_sensors_list: handle 11 is not registered!
09-12 11:58:51.500 352 352 W qti_sensors_hal: sensors_get_sensors_list: handle 51 is not registered!
09-12 11:58:51.500 352 352 W qti_sensors_hal: sensors_get_sensors_list: handle 52 is not registered!
09-12 11:58:51.500 352 352 W qti_sensors_hal: sensors_get_sensors_list: handle 2 is not registered!
09-12 11:58:51.500 352 352 W qti_sensors_hal: sensors_get_sensors_list: handle 8 is not registered!
09-12 11:58:51.500 352 352 W qti_sensors_hal: sensors_get_sensors_list: handle 68 is not registered!
09-12 11:58:51.500 352 352 W qti_sensors_hal: sensors_get_sensors_list: handle 48 is not registered!
09-12 11:58:51.500 352 352 W qti_sensors_hal: sensors_get_sensors_list: handle 67 is not registered!
09-12 11:58:51.500 352 352 W qti_sensors_hal: sensors_get_sensors_list: handle 1 is not registered!
09-12 11:58:51.500 352 352 W qti_sensors_hal: sensors_get_sensors_list: handle 3 is not registered!
09-12 11:58:51.500 352 352 W qti_sensors_hal: sensors_get_sensors_list: handle 9 is not registered!
09-12 11:58:51.500 352 352 W qti_sensors_hal: sensors_get_sensors_list: handle 15 is not registered!
09-12 11:58:51.500 352 352 W qti_sensors_hal: sensors_get_sensors_list: handle 17 is not registered!
09-12 11:58:51.500 352 352 W qti_sensors_hal: sensors_get_sensors_list: handle 26 is not registered!
09-12 11:58:51.500 352 352 W qti_sensors_hal: sensors_get_sensors_list: handle 27 is not registered!
09-12 11:58:51.500 352 352 W qti_sensors_hal: sensors_get_sensors_list: handle 65 is not registered!
09-12 11:58:51.501 352 352 W qti_sensors_hal: sensors_get_sensors_list: handle 66 is not registered!
09-12 11:58:51.501 352 352 W qti_sensors_hal: sensors_get_sensors_list: handle 19 is not registered!
09-12 11:58:51.501 352 352 W qti_sensors_hal: sensors_get_sensors_list: handle 24 is not registered!
09-12 11:58:51.501 352 352 W qti_sensors_hal: sensors_get_sensors_list: handle 64 is not registered!
09-12 11:58:51.501 352 352 W qti_sensors_hal: sensors_get_sensors_list: handle 18 is not registered!
09-12 11:58:51.501 352 352 W qti_sensors_hal: sensors_get_sensors_list: handle 20 is not registered!
09-12 11:58:51.501 352 352 W qti_sensors_hal: sensors_get_sensors_list: handle 25 is not registered!
09-12 11:58:51.501 352 352 W qti_sensors_hal: sensors_get_sensors_list: handle 28 is not registered!
09-12 11:58:51.501 352 352 W qti_sensors_hal: sensors_get_sensors_list: handle 29 is not registered!
09-12 11:58:51.501 352 352 W qti_sensors_hal: sensors_get_sensors_list: handle 30 is not registered!
09-12 11:58:51.501 352 352 W qti_sensors_hal: sensors_get_sensors_list: handle 36 is not registered!
09-12 11:58:51.501 352 352 W qti_sensors_hal: sensors_get_sensors_list: handle 43 is not registered!
09-12 11:58:51.501 352 352 W qti_sensors_hal: sensors_get_sensors_list: handle 44 is not registered!
09-12 11:58:51.501 352 352 W qti_sensors_hal: sensors_get_sensors_list: handle 47 is not registered!
09-12 11:58:51.501 352 352 W qti_sensors_hal: sensors_get_sensors_list: handle 50 is not registered!
09-12 11:58:51.502 352 352 W qti_sensors_hal: sensors_get_sensors_list: handle 53 is not registered!
09-12 11:58:51.502 352 352 W qti_sensors_hal: sensors_get_sensors_list: handle 49 is not registered!
09-12 11:58:51.502 352 352 W qti_sensors_hal: sensors_get_sensors_list: handle 55 is not registered!
09-12 11:58:51.502 352 352 W qti_sensors_hal: sensors_get_sensors_list: handle 57 is not registered!
09-12 11:58:51.502 352 352 W qti_sensors_hal: sensors_get_sensors_list: handle 58 is not registered!
09-12 11:58:51.502 352 352 W qti_sensors_hal: sensors_get_sensors_list: handle 59 is not registered!
09-12 11:58:51.502 352 352 W qti_sensors_hal: sensors_get_sensors_list: handle 62 is not registered!
09-12 11:58:51.502 352 352 W qti_sensors_hal: sensors_get_sensors_list: handle 63 is not registered!
09-12 11:58:51.502 352 352 W qti_sensors_hal: sensors_get_sensors_list: handle 60 is not registered!
09-12 11:58:51.502 352 352 W qti_sensors_hal: sensors_get_sensors_list: handle 61 is not registered!
09-12 11:58:51.502 352 352 W qti_sensors_hal: sensors_get_sensors_list: handle 56 is not registered!
09-12 11:58:51.502 352 352 W qti_sensors_hal: sensors_get_sensors_list: handle 4 is not registered!
09-12 11:58:51.502 352 352 W qti_sensors_hal: sensors_get_sensors_list: handle 5 is not registered!
09-12 11:58:51.502 352 352 W qti_sensors_hal: sensors_get_sensors_list: handle 6 is not registered!
09-12 11:58:51.502 352 352 W qti_sensors_hal: sensors_get_sensors_list: handle 7 is not registered!
09-12 11:58:51.502 352 352 W qti_sensors_hal: sensors_get_sensors_list: handle 21 is not registered!
09-12 11:58:51.503 352 352 W qti_sensors_hal: sensors_get_sensors_list: handle 22 is not registered!
09-12 11:58:51.503 352 352 W qti_sensors_hal: sensors_get_sensors_list: handle 23 is not registered!
09-12 11:58:51.503 352 352 W qti_sensors_hal: sensors_get_sensors_list: handle 31 is not registered!
09-12 11:58:51.503 352 352 W qti_sensors_hal: sensors_get_sensors_list: handle 32 is not registered!
09-12 11:58:51.503 352 352 W qti_sensors_hal: sensors_get_sensors_list: handle 33 is not registered!
09-12 11:58:51.503 352 352 W qti_sensors_hal: sensors_get_sensors_list: handle 34 is not registered!
09-12 11:58:51.503 352 352 W qti_sensors_hal: sensors_get_sensors_list: handle 35 is not registered!
09-12 11:58:51.503 352 352 W qti_sensors_hal: sensors_get_sensors_list: handle 37 is not registered!
09-12 11:58:51.503 352 352 W qti_sensors_hal: sensors_get_sensors_list: handle 38 is not registered!
09-12 11:58:51.503 352 352 W qti_sensors_hal: sensors_get_sensors_list: handle 39 is not registered!
09-12 11:58:51.503 352 352 W qti_sensors_hal: sensors_get_sensors_list: handle 40 is not registered!
09-12 11:58:51.503 352 352 W qti_sensors_hal: sensors_get_sensors_list: handle 41 is not registered!
09-12 11:58:51.503 352 352 W qti_sensors_hal: sensors_get_sensors_list: handle 42 is not registered!
09-12 11:58:51.503 352 352 W qti_sensors_hal: sensors_get_sensors_list: handle 45 is not registered!
09-12 11:58:51.503 352 352 W qti_sensors_hal: sensors_get_sensors_list: handle 46 is not registered!
09-12 11:58:51.504 352 352 W qti_sensors_hal: sensors_get_sensors_list: handle 54 is not registered!
09-12 11:58:51.504 352 352 W qti_sensors_hal: sensors_get_sensors_list: handle 12 is not registered!
09-12 11:58:51.504 352 352 W qti_sensors_hal: sensors_get_sensors_list: handle 13 is not registered!
09-12 11:58:51.504 352 352 W qti_sensors_hal: sensors_get_sensors_list: handle 14 is not registered!
09-12 11:58:51.521 352 352 W qti_sensors_hal: sensors_get_sensors_list: handle 0 is not registered!
09-12 11:58:51.521 352 352 W qti_sensors_hal: sensors_get_sensors_list: handle 10 is not registered!
09-12 11:58:51.521 352 352 W qti_sensors_hal: sensors_get_sensors_list: handle 11 is not registered!
09-12 11:58:51.521 352 352 W qti_sensors_hal: sensors_get_sensors_list: handle 51 is not registered!
09-12 11:58:51.521 352 352 W qti_sensors_hal: sensors_get_sensors_list: handle 52 is not registered!
09-12 11:58:51.521 352 352 W qti_sensors_hal: sensors_get_sensors_list: handle 2 is not registered!
09-12 11:58:51.521 352 352 W qti_sensors_hal: sensors_get_sensors_list: handle 8 is not registered!
09-12 11:58:51.521 352 352 W qti_sensors_hal: sensors_get_sensors_list: handle 68 is not registered!
09-12 11:58:51.521 352 352 W qti_sensors_hal: sensors_get_sensors_list: handle 48 is not registered!
09-12 11:58:51.521 352 352 W qti_sensors_hal: sensors_get_sensors_list: handle 67 is not registered!
09-12 11:58:51.521 352 352 W qti_sensors_hal: sensors_get_sensors_list: handle 1 is not registered!
09-12 11:58:51.521 352 352 W qti_sensors_hal: sensors_get_sensors_list: handle 3 is not registered!
09-12 11:58:51.521 352 352 W qti_sensors_hal: sensors_get_sensors_list: handle 9 is not registered!
09-12 11:58:51.521 352 352 W qti_sensors_hal: sensors_get_sensors_list: handle 15 is not registered!
09-12 11:58:51.521 352 352 W qti_sensors_hal: sensors_get_sensors_list: handle 17 is not registered!
09-12 11:58:51.521 352 352 W qti_sensors_hal: sensors_get_sensors_list: handle 26 is not registered!
09-12 11:58:51.521 352 352 W qti_sensors_hal: sensors_get_sensors_list: handle 27 is not registered!
09-12 11:58:51.521 352 352 W qti_sensors_hal: sensors_get_sensors_list: handle 65 is not registered!
09-12 11:58:51.521 352 352 W qti_sensors_hal: sensors_get_sensors_list: handle 66 is not registered!
09-12 11:58:51.521 352 352 W qti_sensors_hal: sensors_get_sensors_list: handle 19 is not registered!
09-12 11:58:51.521 352 352 W qti_sensors_hal: sensors_get_sensors_list: handle 24 is not registered!
09-12 11:58:51.521 352 352 W qti_sensors_hal: sensors_get_sensors_list: handle 64 is not registered!
09-12 11:58:51.521 352 352 W qti_sensors_hal: sensors_get_sensors_list: handle 18 is not registered!
09-12 11:58:51.521 352 352 W qti_sensors_hal: sensors_get_sensors_list: handle 20 is not registered!
09-12 11:58:51.521 352 352 W qti_sensors_hal: sensors_get_sensors_list: handle 25 is not registered!
09-12 11:58:51.521 352 352 W qti_sensors_hal: sensors_get_sensors_list: handle 28 is not registered!
09-12 11:58:51.521 352 352 W qti_sensors_hal: sensors_get_sensors_list: handle 29 is not registered!
09-12 11:58:51.521 352 352 W qti_sensors_hal: sensors_get_sensors_list: handle 30 is not registered!
09-12 11:58:51.521 352 352 W qti_sensors_hal: sensors_get_sensors_list: handle 36 is not registered!
09-12 11:58:51.521 352 352 W qti_sensors_hal: sensors_get_sensors_list: handle 43 is not registered!
09-12 11:58:51.521 352 352 W qti_sensors_hal: sensors_get_sensors_list: handle 44 is not registered!
09-12 11:58:51.521 352 352 W qti_sensors_hal: sensors_get_sensors_list: handle 47 is not registered!
09-12 11:58:51.521 352 352 W qti_sensors_hal: sensors_get_sensors_list: handle 50 is not registered!
09-12 11:58:51.521 352 352 W qti_sensors_hal: sensors_get_sensors_list: handle 53 is not registered!
09-12 11:58:51.521 352 352 W qti_sensors_hal: sensors_get_sensors_list: handle 49 is not registered!
09-12 11:58:51.521 352 352 W qti_sensors_hal: sensors_get_sensors_list: handle 55 is not registered!
09-12 11:58:51.521 352 352 W qti_sensors_hal: sensors_get_sensors_list: handle 57 is not registered!
09-12 11:58:51.521 352 352 W qti_sensors_hal: sensors_get_sensors_list: handle 58 is not registered!
09-12 11:58:51.521 352 352 W qti_sensors_hal: sensors_get_sensors_list: handle 59 is not registered!
09-12 11:58:51.521 352 352 W qti_sensors_hal: sensors_get_sensors_list: handle 62 is not registered!
09-12 11:58:51.521 352 352 W qti_sensors_hal: sensors_get_sensors_list: handle 63 is not registered!
09-12 11:58:51.521 352 352 W qti_sensors_hal: sensors_get_sensors_list: handle 60 is not registered!
09-12 11:58:51.521 352 352 W qti_sensors_hal: sensors_get_sensors_list: handle 61 is not registered!
09-12 11:58:51.521 352 352 W qti_sensors_hal: sensors_get_sensors_list: handle 56 is not registered!
09-12 11:58:51.521 352 352 W qti_sensors_hal: sensors_get_sensors_list: handle 4 is not registered!
09-12 11:58:51.521 352 352 W qti_sensors_hal: sensors_get_sensors_list: handle 5 is not registered!
09-12 11:58:51.521 352 352 W qti_sensors_hal: sensors_get_sensors_list: handle 6 is not registered!
09-12 11:58:51.521 352 352 W qti_sensors_hal: sensors_get_sensors_list: handle 7 is not registered!
09-12 11:58:51.521 352 352 W qti_sensors_hal: sensors_get_sensors_list: handle 21 is not registered!
09-12 11:58:51.521 352 352 W qti_sensors_hal: sensors_get_sensors_list: handle 22 is not registered!
09-12 11:58:51.521 352 352 W qti_sensors_hal: sensors_get_sensors_list: handle 23 is not registered!
09-12 11:58:51.521 352 352 W qti_sensors_hal: sensors_get_sensors_list: handle 31 is not registered!
09-12 11:58:51.521 352 352 W qti_sensors_hal: sensors_get_sensors_list: handle 32 is not registered!
09-12 11:58:51.522 352 352 W qti_sensors_hal: sensors_get_sensors_list: handle 33 is not registered!
09-12 11:58:51.522 352 352 W qti_sensors_hal: sensors_get_sensors_list: handle 34 is not registered!
09-12 11:58:51.522 352 352 W qti_sensors_hal: sensors_get_sensors_list: handle 35 is not registered!
09-12 11:58:51.522 352 352 W qti_sensors_hal: sensors_get_sensors_list: handle 37 is not registered!
09-12 11:58:51.522 352 352 W qti_sensors_hal: sensors_get_sensors_list: handle 38 is not registered!
09-12 11:58:51.522 352 352 W qti_sensors_hal: sensors_get_sensors_list: handle 39 is not registered!
09-12 11:58:51.522 352 352 W qti_sensors_hal: sensors_get_sensors_list: handle 40 is not registered!
09-12 11:58:51.522 352 352 W qti_sensors_hal: sensors_get_sensors_list: handle 41 is not registered!
09-12 11:58:51.522 352 352 W qti_sensors_hal: sensors_get_sensors_list: handle 42 is not registered!
09-12 11:58:51.522 352 352 W qti_sensors_hal: sensors_get_sensors_list: handle 45 is not registered!
09-12 11:58:51.522 352 352 W qti_sensors_hal: sensors_get_sensors_list: handle 46 is not registered!
09-12 11:58:51.522 352 352 W qti_sensors_hal: sensors_get_sensors_list: handle 54 is not registered!
09-12 11:58:51.522 352 352 W qti_sensors_hal: sensors_get_sensors_list: handle 12 is not registered!
09-12 11:58:51.522 352 352 W qti_sensors_hal: sensors_get_sensors_list: handle 13 is not registered!
09-12 11:58:51.522 352 352 W qti_sensors_hal: sensors_get_sensors_list: handle 14 is not registered!
09-12 11:58:51.522 352 673 W qti_sensors_hal: sensors_get_sensors_list: handle 0 is not registered!
09-12 11:58:51.522 352 673 W qti_sensors_hal: sensors_get_sensors_list: handle 10 is not registered!
09-12 11:58:51.522 352 673 W qti_sensors_hal: sensors_get_sensors_list: handle 11 is not registered!
09-12 11:58:51.522 352 673 W qti_sensors_hal: sensors_get_sensors_list: handle 51 is not registered!
09-12 11:58:51.522 352 673 W qti_sensors_hal: sensors_get_sensors_list: handle 52 is not registered!
09-12 11:58:51.522 352 673 W qti_sensors_hal: sensors_get_sensors_list: handle 2 is not registered!
09-12 11:58:51.522 352 673 W qti_sensors_hal: sensors_get_sensors_list: handle 8 is not registered!
09-12 11:58:51.522 352 673 W qti_sensors_hal: sensors_get_sensors_list: handle 68 is not registered!
09-12 11:58:51.522 352 673 W qti_sensors_hal: sensors_get_sensors_list: handle 48 is not registered!
